{"id":7072,"date":"2016-11-24T08:38:45","date_gmt":"2016-11-24T08:38:45","guid":{"rendered":"http:\/\/www.goinstyle.se\/bra-att-veta\/visum-pass\/"},"modified":"2023-08-15T16:34:04","modified_gmt":"2023-08-15T14:34:04","slug":"visum-pass","status":"publish","type":"page","link":"https:\/\/www.goinstyle.se\/aruba\/bra-att-veta\/visum-pass\/","title":{"rendered":"Visum &#038; Pass"},"content":{"rendered":"\n<style type=\"text\/css\" data-created_by=\"avia_inline_auto\" id=\"style-css-av-av_section-52b07f2947546f06cef88d437d8c830d\">\n.avia-section.av-av_section-52b07f2947546f06cef88d437d8c830d{\nbackground-repeat:no-repeat;\nbackground-image:url(https:\/\/www.goinstyle.se\/wp-content\/uploads\/2014\/02\/Maldiverna-instyle-5.jpg);\nbackground-position:50% 0%;\nbackground-attachment:scroll;\n}\n<\/style>\n<div id='av_section_1'  class='avia-section av-av_section-52b07f2947546f06cef88d437d8c830d main_color avia-section-default avia-no-shadow  avia-builder-el-0  el_before_av_one_half  avia-builder-el-first  avia-full-stretch avia-bg-style-scroll container_wrap fullsize'  data-section-bg-repeat='stretch'><div class='container av-section-cont-open' ><main  role=\"main\" itemprop=\"mainContentOfPage\"  class='template-page content  av-content-full alpha units'><div class='post-entry post-entry-type-page post-entry-7072'><div class='entry-content-wrapper clearfix'>\n\n<style type=\"text\/css\" data-created_by=\"avia_inline_auto\" id=\"style-css-av-av_hr-a6de236e6c183bbbd700292deacd2b52\">\n#top .hr.hr-invisible.av-av_hr-a6de236e6c183bbbd700292deacd2b52{\nheight:20px;\n}\n<\/style>\n<div  class='hr av-av_hr-a6de236e6c183bbbd700292deacd2b52 hr-invisible  avia-builder-el-1  el_before_av_heading  avia-builder-el-first '><span class='hr-inner '><span class=\"hr-inner-style\"><\/span><\/span><\/div>\n\n<style type=\"text\/css\" data-created_by=\"avia_inline_auto\" id=\"style-css-av-av_heading-e2e98eca68621dea8e4f72ebf29c1162\">\n#top .av-special-heading.av-av_heading-e2e98eca68621dea8e4f72ebf29c1162{\npadding-bottom:10px;\ncolor:#ffffff;\nfont-size:40px;\n}\nbody .av-special-heading.av-av_heading-e2e98eca68621dea8e4f72ebf29c1162 .av-special-heading-tag .heading-char{\nfont-size:25px;\n}\n#top #wrap_all .av-special-heading.av-av_heading-e2e98eca68621dea8e4f72ebf29c1162 .av-special-heading-tag{\nfont-size:40px;\n}\n.av-special-heading.av-av_heading-e2e98eca68621dea8e4f72ebf29c1162 .special-heading-inner-border{\nborder-color:#ffffff;\n}\n.av-special-heading.av-av_heading-e2e98eca68621dea8e4f72ebf29c1162 .av-subheading{\nfont-size:15px;\n}\n\n@media only screen and (min-width: 480px) and (max-width: 767px){ \n#top #wrap_all .av-special-heading.av-av_heading-e2e98eca68621dea8e4f72ebf29c1162 .av-special-heading-tag{\nfont-size:0.8em;\n}\n}\n\n@media only screen and (max-width: 479px){ \n#top #wrap_all .av-special-heading.av-av_heading-e2e98eca68621dea8e4f72ebf29c1162 .av-special-heading-tag{\nfont-size:0.8em;\n}\n}\n<\/style>\n<div  class='av-special-heading av-av_heading-e2e98eca68621dea8e4f72ebf29c1162 av-special-heading-h6 custom-color-heading blockquote modern-quote modern-centered  avia-builder-el-2  el_after_av_hr  avia-builder-el-last  av-inherit-size'><h6 class='av-special-heading-tag '  itemprop=\"headline\"  >Visum <span class='special_amp'>&amp;<\/span> Pass<\/h6><div class=\"special-heading-border\"><div class=\"special-heading-inner-border\"><\/div><\/div><\/div>\n<\/div><\/div><\/main><!-- close content main element --><\/div><\/div><div id='after_section_1'  class='main_color av_default_container_wrap container_wrap fullsize'  ><div class='container av-section-cont-open' ><div class='template-page content  av-content-full alpha units'><div class='post-entry post-entry-type-page post-entry-7072'><div class='entry-content-wrapper clearfix'>\n\n<style type=\"text\/css\" data-created_by=\"avia_inline_auto\" id=\"style-css-av-av_one_half-6126cab7d8fab8d08143dd2dacdf673c\">\n.flex_column.av-av_one_half-6126cab7d8fab8d08143dd2dacdf673c{\nborder-radius:0px 0px 0px 0px;\npadding:0px 0px 0px 0px;\n}\n<\/style>\n<div  class='flex_column av-av_one_half-6126cab7d8fab8d08143dd2dacdf673c av_one_half  avia-builder-el-3  el_after_av_section  el_before_av_one_half  avia-builder-el-first  first flex_column_div av-zero-column-padding  '     ><section  class='av_textblock_section av-av_textblock-0366cc7376be6c9e82a3e9cc8987b64f '   itemscope=\"itemscope\" itemtype=\"https:\/\/schema.org\/CreativeWork\" ><div class='avia_textblock'  itemprop=\"text\" ><h1>Visum &amp; Pass<\/h1>\n<p><strong>Visum:<br \/>\n<\/strong>Det \u00e4r viktigt att du i god tid f\u00f6re avresa kontrollerar vad som g\u00e4ller i fr\u00e5ga om visum f\u00f6r just de resm\u00e5l du t\u00e4nker bes\u00f6ka. Notera att det i vissa fall kan kr\u00e4vas visum \u00e4ven vid mellanlandning i ett land.<\/p>\n<p>P\u00e5 <a href=\"http:\/\/www.cometconsular.se\/\" target=\"_blank\" rel=\"noopener\">www.cometconsular.se<\/a>, \u00a0<a href=\"https:\/\/www.visumservice.se\/\" target=\"_blank\" rel=\"noopener\">www.visumdirekt.se<\/a> eller <a href=\"http:\/\/www.viseringscentralen.se\/\" target=\"_blank\" rel=\"noopener\">www.viseringscentralen.se<\/a>\u00a0kan du kontrollera om du beh\u00f6ver visum f\u00f6r din resa. Dessa tj\u00e4nster tillhandah\u00e5lls av andra f\u00f6retag \u00e4n Go InStyle och vi ansvarar d\u00e4rmed inte f\u00f6r den information som l\u00e4mnas. Om du \u00e4r os\u00e4ker b\u00f6r du alltid kontrollera uppgifterna med respektive lands ambassad.<\/p>\n<p><strong>Pass:<br \/>\n<\/strong>Det \u00e4r viktigt att du i god tid f\u00f6re avresan kontrollerar ditt pass giltighet och att giltighetstiden \u00e4r tillr\u00e4cklig f\u00f6r det resm\u00e5l som du avser att bes\u00f6ka. Vanligt f\u00f6rekommande \u00e4r att det m\u00e5ste vara minst 6 m\u00e5naders giltighet kvar p\u00e5 passet efter hemkomst.\u00a0Om du \u00e4r os\u00e4ker p\u00e5 vad som g\u00e4ller f\u00f6r ditt specifika resm\u00e5l s\u00e5 \u00e4r det bara att kontakta oss p\u00e5 <a href=\"mailto:info@goinstyle.se\">info@goinstyle.se<\/a>\u00a0eller via telefon p\u00e5 \u00a0+46 (0)31 846480.<\/p>\n<\/div><\/section><\/div>\n<style type=\"text\/css\" data-created_by=\"avia_inline_auto\" id=\"style-css-av-av_one_half-0aa7055fe62c3622faec82866afbaeb2\">\n.flex_column.av-av_one_half-0aa7055fe62c3622faec82866afbaeb2{\nborder-radius:0px 0px 0px 0px;\npadding:0px 0px 0px 0px;\n}\n<\/style>\n<div  class='flex_column av-av_one_half-0aa7055fe62c3622faec82866afbaeb2 av_one_half  avia-builder-el-5  el_after_av_one_half  avia-builder-el-last  flex_column_div av-zero-column-padding  '     ><\/div><\/p>\n","protected":false},"excerpt":{"rendered":"","protected":false},"author":2,"featured_media":0,"parent":6959,"menu_order":0,"comment_status":"closed","ping_status":"closed","template":"","meta":{"_vp_format_video_url":"","_vp_image_focal_point":[],"footnotes":""},"class_list":["post-7072","page","type-page","status-publish","hentry"],"_links":{"self":[{"href":"https:\/\/www.goinstyle.se\/aruba\/wp-json\/wp\/v2\/pages\/7072","targetHints":{"allow":["GET"]}}],"collection":[{"href":"https:\/\/www.goinstyle.se\/aruba\/wp-json\/wp\/v2\/pages"}],"about":[{"href":"https:\/\/www.goinstyle.se\/aruba\/wp-json\/wp\/v2\/types\/page"}],"author":[{"embeddable":true,"href":"https:\/\/www.goinstyle.se\/aruba\/wp-json\/wp\/v2\/users\/2"}],"replies":[{"embeddable":true,"href":"https:\/\/www.goinstyle.se\/aruba\/wp-json\/wp\/v2\/comments?post=7072"}],"version-history":[{"count":5,"href":"https:\/\/www.goinstyle.se\/aruba\/wp-json\/wp\/v2\/pages\/7072\/revisions"}],"predecessor-version":[{"id":30581,"href":"https:\/\/www.goinstyle.se\/aruba\/wp-json\/wp\/v2\/pages\/7072\/revisions\/30581"}],"up":[{"embeddable":true,"href":"https:\/\/www.goinstyle.se\/aruba\/wp-json\/wp\/v2\/pages\/6959"}],"wp:attachment":[{"href":"https:\/\/www.goinstyle.se\/aruba\/wp-json\/wp\/v2\/media?parent=7072"}],"curies":[{"name":"wp","href":"https:\/\/api.w.org\/{rel}","templated":true}]}}