{"id":20908,"date":"2017-03-01T12:23:03","date_gmt":"2017-03-01T12:23:03","guid":{"rendered":"http:\/\/www.goinstyle.se\/?page_id=20908\/"},"modified":"2018-06-28T12:49:44","modified_gmt":"2018-06-28T10:49:44","slug":"om-bahamas-2","status":"publish","type":"page","link":"https:\/\/www.goinstyle.se\/bahamas\/om-bahamas-2\/","title":{"rendered":"Om Bahamas"},"content":{"rendered":"\n<style type=\"text\/css\" data-created_by=\"avia_inline_auto\" id=\"style-css-av-av_section-d4c12dd3c9dfec95a8ab18e9c05833ef\">\n.avia-section.av-av_section-d4c12dd3c9dfec95a8ab18e9c05833ef{\nbackground-repeat:no-repeat;\nbackground-image:url(https:\/\/www.goinstyle.se\/wp-content\/uploads\/2017\/03\/bahamas_toppbild3.jpg);\nbackground-position:50% 0%;\nbackground-attachment:scroll;\n}\n<\/style>\n<div id='av_section_1'  class='avia-section av-av_section-d4c12dd3c9dfec95a8ab18e9c05833ef main_color avia-section-default avia-no-shadow  avia-builder-el-0  el_before_av_section  avia-builder-el-first  avia-full-stretch avia-bg-style-scroll container_wrap fullsize'  data-section-bg-repeat='stretch'><div class='container av-section-cont-open' ><main  role=\"main\" itemprop=\"mainContentOfPage\"  class='template-page content  av-content-full alpha units'><div class='post-entry post-entry-type-page post-entry-20908'><div class='entry-content-wrapper clearfix'>\n\n<style type=\"text\/css\" data-created_by=\"avia_inline_auto\" id=\"style-css-av-av_hr-a6de236e6c183bbbd700292deacd2b52\">\n#top .hr.hr-invisible.av-av_hr-a6de236e6c183bbbd700292deacd2b52{\nheight:20px;\n}\n<\/style>\n<div  class='hr av-av_hr-a6de236e6c183bbbd700292deacd2b52 hr-invisible  avia-builder-el-1  el_before_av_heading  avia-builder-el-first '><span class='hr-inner '><span class=\"hr-inner-style\"><\/span><\/span><\/div>\n\n<style type=\"text\/css\" data-created_by=\"avia_inline_auto\" id=\"style-css-av-av_heading-bc05664466bbca8a176081d683b01473\">\n#top .av-special-heading.av-av_heading-bc05664466bbca8a176081d683b01473{\npadding-bottom:10px;\ncolor:#ffffff;\nfont-size:40px;\n}\nbody .av-special-heading.av-av_heading-bc05664466bbca8a176081d683b01473 .av-special-heading-tag .heading-char{\nfont-size:25px;\n}\n#top #wrap_all .av-special-heading.av-av_heading-bc05664466bbca8a176081d683b01473 .av-special-heading-tag{\nfont-size:40px;\n}\n.av-special-heading.av-av_heading-bc05664466bbca8a176081d683b01473 .special-heading-inner-border{\nborder-color:#ffffff;\n}\n.av-special-heading.av-av_heading-bc05664466bbca8a176081d683b01473 .av-subheading{\nfont-size:15px;\n}\n\n@media only screen and (min-width: 480px) and (max-width: 767px){ \n#top #wrap_all .av-special-heading.av-av_heading-bc05664466bbca8a176081d683b01473 .av-special-heading-tag{\nfont-size:0.8em;\n}\n}\n\n@media only screen and (max-width: 479px){ \n#top #wrap_all .av-special-heading.av-av_heading-bc05664466bbca8a176081d683b01473 .av-special-heading-tag{\nfont-size:0.8em;\n}\n}\n<\/style>\n<div  class='av-special-heading av-av_heading-bc05664466bbca8a176081d683b01473 av-special-heading-h6 custom-color-heading blockquote modern-quote modern-centered  avia-builder-el-2  el_after_av_hr  avia-builder-el-last  av-inherit-size'><h6 class='av-special-heading-tag '  itemprop=\"headline\"  >Om Bahamas<\/h6><div class=\"special-heading-border\"><div class=\"special-heading-inner-border\"><\/div><\/div><\/div>\n\n<\/div><\/div><\/main><!-- close content main element --><\/div><\/div><div id='divbred'  class='avia-section av-av_section-f69f9b9995685ee5a4eaf64d6d9c3d13 main_color avia-section-default avia-no-shadow  avia-builder-el-3  el_after_av_section  el_before_av_one_full  avia-bg-style-scroll container_wrap fullsize'  ><div class='container av-section-cont-open' ><div class='template-page content  av-content-full alpha units'><div class='post-entry post-entry-type-page post-entry-20908'><div class='entry-content-wrapper clearfix'>\n<section  class='av_textblock_section av-av_textblock-0366cc7376be6c9e82a3e9cc8987b64f '   itemscope=\"itemscope\" itemtype=\"https:\/\/schema.org\/CreativeWork\" ><div class='avia_textblock'  itemprop=\"text\" ><pre><code><nav aria-label=\"breadcrumbs\">\n            <div class=\"breadcrumb-container theme1\">\n                <ol>\n                    <li><a title=\"Du \u00e4r h\u00e4r:\" href=\"#\"><span>Du \u00e4r h\u00e4r:<\/span><\/a><span class=\"separator\">\u00bb<\/span><\/li>\n                    <\/ol>\n            <\/div>\n        <\/nav>    <script type=\"application\/ld+json\">\n        {\n            \"@context\": \"http:\/\/schema.org\",\n            \"@type\": \"BreadcrumbList\",\n            \"itemListElement\": [\n                 {\n                            \"@type\": \"ListItem\",\n                            \"position\": 1,\n                            \"item\": {\n                                \"@id\": \"#\",\n                                \"name\": \"Du \u00e4r h\u00e4r:\"\n                            }\n                        }\n                                                    ]\n        }\n    <\/script>\n   \n    <script>\n            <\/script>\n<\/code><\/pre>\n<\/div><\/section>\n<\/div><\/div><\/div><!-- close content main div --><\/div><\/div><div id='after_section_2'  class='main_color av_default_container_wrap container_wrap fullsize'  ><div class='container av-section-cont-open' ><div class='template-page content  av-content-full alpha units'><div class='post-entry post-entry-type-page post-entry-20908'><div class='entry-content-wrapper clearfix'>\n\n<style type=\"text\/css\" data-created_by=\"avia_inline_auto\" id=\"style-css-av-av_one_full-c3f0f78c26a863dc60f14a52019fd8b2\">\n#top .flex_column.av-av_one_full-c3f0f78c26a863dc60f14a52019fd8b2{\nmargin-top:0px;\nmargin-bottom:0px;\n}\n.flex_column.av-av_one_full-c3f0f78c26a863dc60f14a52019fd8b2{\nborder-radius:0px 0px 0px 0px;\npadding:0px 0px 0px 0px;\n}\n.responsive #top #wrap_all .flex_column.av-av_one_full-c3f0f78c26a863dc60f14a52019fd8b2{\nmargin-top:0px;\nmargin-bottom:0px;\n}\n<\/style>\n<div  class='flex_column av-av_one_full-c3f0f78c26a863dc60f14a52019fd8b2 av_one_full  avia-builder-el-5  el_after_av_section  el_before_av_hr  avia-builder-el-first  first flex_column_div av-zero-column-padding  '     ><section  class='av_textblock_section av-av_textblock-0366cc7376be6c9e82a3e9cc8987b64f '   itemscope=\"itemscope\" itemtype=\"https:\/\/schema.org\/CreativeWork\" ><div class='avia_textblock'  itemprop=\"text\" ><h1>Om Bahamas<\/h1>\n<p class=\"western\"><strong>Resm\u00e5let<\/strong><br \/>\nBahamas best\u00e5r av n\u00e5gra st\u00f6rre \u00f6ar och totalt ca 700 \u00f6ar som bildar \u00f6gruppen som str\u00e4cker sig fr\u00e5n n\u00e5gra mil \u00f6sterut fr\u00e5n Floridas kust som ett p\u00e4rlband ner mot \u00f6n Hispanola. Om du t\u00e4nker dig att endast ca 30 av alla \u00f6ar \u00e4r bebodda, f\u00f6rst\u00e5r du att h\u00e4r finns mycket att uppt\u00e4cka trots att Bahamas varit en semesterdestination i m\u00e5nga \u00e5r. Den st\u00f6rsta turistgruppen kommer fr\u00e5n Nordamerika, vilket till viss del pr\u00e4glar profilen h\u00e4r. Vi p\u00e5 Go InStyle har valt att l\u00e4gga stor vikt vid att i st\u00f6rsta utstr\u00e4ckning finna hotell som skiljer sig fr\u00e5n m\u00e4ngden och har ett mer individuellt och personligt erbjudande i en s\u00e5 avskild och avkopplande milj\u00f6 som m\u00f6jligt. D\u00e4rf\u00f6r v\u00e5gar vi p\u00e5st\u00e5 att vi kan erbjuda m\u00f6jligheten till att du skapar dig en ny, positiv bild av de fantastiska \u00f6arna.<\/p>\n<p>H\u00e4r finner du ett flertal paradis\u00f6ar med h\u00e4rligt mjuka sandstr\u00e4nder och ett ljummet, klart vatten som alltid h\u00e5ller en minst sagt godk\u00e4nd badvattentemperatur! Med dessa f\u00f6ruts\u00e4ttningar har du som \u00e4lskar vattenliv och marina aktiviteter, de allra b\u00e4sta f\u00f6ruts\u00e4ttningar. Det finns nog ingen vattensport som du inte hittar h\u00e4r!<br \/>\nDen som vill se sig omkring p\u00e5 flera \u00f6ar, kan med f\u00f6rdel ta sig runt med regulj\u00e4ra b\u00e5tturer. Reser du till Bahamas, finner du det f\u00f6rv\u00e4ntade \u2013 men \u00e4n mer uppt\u00e4cker du en m\u00e4ngd nya intryck och positiva \u00f6verraskningar som skapar merv\u00e4rde och best\u00e5ende intryck!<\/p>\n<p class=\"western\"><strong>N\u00f6jesliv, mat och dryck<\/strong><br \/>\nH\u00e4r r\u00e5der ingen brist p\u00e5 f\u00f6rstr\u00f6else eller n\u00f6jen. Som ett etablerat resm\u00e5l sedan l\u00e4nge f\u00f6r nordamerikaner, finns h\u00e4r ett utvecklat n\u00f6jesliv som tillfredsst\u00e4ller alla smaker och behov. De st\u00f6rre hotellen har ofta shower med upptr\u00e4danden av olika slag. Restauranger och barer av olika slag, finner du n\u00e4stan \u00f6verallt d\u00e4r befolkning finns. Sj\u00e4lvklart \u00e4r utbudet inte s\u00e5 stort p\u00e5 n\u00e5gra av v\u00e5ra hotellp\u00e4rlor, d\u00e4r man ist\u00e4llet roar sig och njuter p\u00e5 andra s\u00e4tt. Ju st\u00f6rre plats, desto mer n\u00f6jesutbud, s\u00e5 klart! Nassau, Freeport och Paradise Island erbjuder allra mest f\u00f6r dig som s\u00f6ker ett mer hektiskt n\u00f6jesliv.<br \/>\nMaten p\u00e5 \u00f6arna har en sp\u00e4nnande, karibisk profil och tilltalar s\u00e4kert de allra flesta. Fisk- och skaldjur finner du i m\u00e5nga varianter och f\u00e4rsk hummer \u00e4r n\u00e5got att rekommendera! Prova g\u00e4rna nationalr\u00e4tten Conch som best\u00e5r av friterade skaldjur med citron. Smaka \u00e4ven n\u00e5gra av de nationella sopporna som oftast inneh\u00e5ller skaldjur med karibiskt ris, tomat, l\u00f6k och andra ingredienser! Prova \u00e4ven efterr\u00e4tten Guava Duff som \u00e4r Guava som serveras med en underbar s\u00e5s med en b\u00e5de syrlig och s\u00f6t s\u00e5sblandning.<br \/>\nMed den internationalisering som skett \u00f6ver tid, finns h\u00e4r ett stort spektrum av matkultur som g\u00f6r att du inte l\u00e4r f\u00e5 n\u00e5gra problem om du s\u00f6ker fransk, italiensk, japansk eller annan profil!<br \/>\nTill de traditionella dryckerna finner du h\u00e4r Rom i olika prisklasser. Till m\u00e5ltiden kan du absolut njuta den lokala \u00f6len Kalik som smakar utm\u00e4rkt!<\/p>\n<p class=\"western\"><strong>Sol och bad<\/strong><br \/>\n\u00c4r det n\u00e5got som Bahamas inte lider n\u00e5gon brist p\u00e5, s\u00e5 \u00e4r det fina, kritvita str\u00e4nder! Om vi ska reservera oss f\u00f6r \u201dkritvita str\u00e4nder\u201d, s\u00e5 \u00e4r det i s\u00e5 fall Pink Sands Beach som \u00e4r en fem km l\u00e5ng sandstrand med en mjuk ljusrosa sand. Den \u00e5terfinner du p\u00e5 Harbour Islands \u00f6stsida och vi rekommenderar g\u00e4rna ett bes\u00f6k h\u00e4r! Cable Beach och Cabbage Beach \u00e4r n\u00e5gra av de andra mest ber\u00f6mda str\u00e4nderna, liksom Stocking Island, Xanadu Beach, Tahiti Beach, Gold Rock Beach, Saddle Beach, Surfers Beach och \u2013 inte minst den sp\u00e4nnande och annorlunda Pigs Beach. P\u00e5 Pigs Beach (Exuma Island) kan du g\u00f6ra n\u00e5got s\u00e5 udda som att leka med, mata och bada med grisar som h\u00e5ller till p\u00e5 intilliggande Big Mayor Cay. Charmigt och annorlunda! H\u00e4r finns \u00e4ven fina m\u00f6jligheter f\u00f6r t ex dykning och snorkling bland exotiska fiskar och havssk\u00f6ldpaddor.<br \/>\nVattnet h\u00e5ller en temperatur som konstant \u00e4r en bra bit \u00f6ver 20 grader och inbjuder till sk\u00f6na bad \u00e5ret runt.<br \/>\nV\u00e4rna om din h\u00e4lsa och se till att ha ordentligt solskydd n\u00e4r du \u00e4r h\u00e4r, s\u00e5 blir din semester s\u00e5 behaglig som du \u00f6nskar!<\/p>\n<p class=\"western\"><strong>Sev\u00e4rdheter och aktiviteter<br \/>\n<\/strong><em>Inagua nationalpark <\/em>\u00e4r n\u00e5got f\u00f6r natur\u00e4lskaren. H\u00e4r finns n\u00e4rmare 50000 v\u00e4stindiska flamingos, bruna pelikaner, papegojor och m\u00e5nga andra f\u00e5gelarter. Med lite tur kan du ocks\u00e5 f\u00e5 tillf\u00e4lle att uppt\u00e4cka vilda apor.<br \/>\n<em>Pompey Museum of Slavery and Emancipation<\/em> visar utst\u00e4llningar fr\u00e5n historiens slaveri, historiska dokument och f\u00f6rem\u00e5l fr\u00e5n den tidens plantager.<br \/>\n<em>Bahamas nationella konstgalleri<\/em> ger dig en bra bild av Bahamas historia samt en stor konstsamling med m\u00e5lningar, skulpturer, keramik, fotografier och annan konst fr\u00e5n olika tids\u00e5ldrar. Nya utst\u00e4llningar med olika teman g\u00f6ra kontinuerligt.<br \/>\nH\u00e4r finns \u00e4ven ett <em>Piratmuseum<\/em> d\u00e4r man byggt upp st\u00e4der och piratskepp mm fr\u00e5n den tid piraterna regerade p\u00e5 \u00f6arna. Det \u00e4r dock mer att betrakta ur underh\u00e5llningsperspektiv \u00e4n ur ett rent historiskt.<br \/>\nDet finns flera <em>casinon<\/em>, d\u00e4ribland det p\u00e5 Atlantis Resort\/Paradise island \u00e4r det st\u00f6rsta med sina 4500 m\u00b2. Dessa kan vara v\u00e4rda att bes\u00f6ka f\u00f6r att uppleva den starka kontrasten mellan paradis\u00f6 och spelstad.<\/p>\n<p class=\"western\"><strong>Historia<\/strong><br \/>\nUrsprungligen beboddes Bahamas av Tainoindianer och\/eller Arawakindianer, vilka efter Christofer Columbus ankomst 1492 s\u00e5 sm\u00e5ningom d\u00f6tt ut. Delvis till f\u00f6ljd av sjukdomar, men ocks\u00e5 f\u00f6r att de beslagtogs f\u00f6r slavarbete p\u00e5 andra kolonialiserade \u00f6ar.<br \/>\nBahamas blev en engelsk koloni 1629 och livn\u00e4rde sig fr\u00e4mst av sj\u00f6r\u00f6veri, smuggling och slavhandel. F\u00f6rst p\u00e5 1960-talet skapades f\u00f6ruts\u00e4ttningar f\u00f6r \u00f6arnas sj\u00e4lvst\u00e4ndighet som utropades f\u00f6rst 1973. Politiskt har Bahamas regeringsprofil v\u00e4xlat mellan v\u00e4nsterliberal och h\u00f6gerinriktad makt sedan sj\u00e4lvst\u00e4ndigheten.<br \/>\nLandet har haft en positiv ekonomisk utveckling d\u00e4r turism och off-shoreverksamhet st\u00e5tt f\u00f6r de st\u00f6rsta bidragen f\u00f6r utvecklingen. Med sin turism och finansverksamhet, anses Bahamas tillh\u00f6ra de rikaste l\u00e4nderna i Karibien och Latinamerika.<\/p>\n<p><strong>Yta<\/strong><br \/>\n13939 kvadratkilometer<\/p>\n<p><strong>Inv\u00e5nare<\/strong><br \/>\nCa 390000<\/p>\n<p class=\"western\"><strong>Spr\u00e5k<br \/>\n<\/strong>Engelska. Inslag av Haitisk Kreol, Spanska och Portugisiska f\u00f6rekommer ocks\u00e5 hos ett f\u00e5tal.<\/p>\n<p><strong>Huvudstad<br \/>\n<\/strong>Nassau, ca 250000 inv\u00e5nare<strong><br \/>\n<\/strong><\/p>\n<p><strong>Klimat<\/strong><br \/>\nBahamas har ett subtropiskt klimat d\u00e4r temperaturen ytterst s\u00e4llan understiger 20 grader. Dygnsmedeltemperatur i juli \u00e4r 27 och i januari 22 grader. Vattentemperaturen \u00e4r minst 24 och som mest 29 grader.<br \/>\nAntal soltimmar per dag varierar mellan 7 och 9, vilket inneb\u00e4r att \u00e4ven den lite mer nederb\u00f6rdsrika sommarperioden i huvudsak \u00e4r solig. N\u00e4r det \u00e4r nederb\u00f6rdsperiod, kommer ofta nederb\u00f6rden intensivt under en kortare tid.<\/p>\n<p><strong>Valuta<br \/>\n<\/strong>Bahamasdollar. US dollar fungerar ocks\u00e5.<\/p>\n<p class=\"western\"><strong>Kreditkort<\/strong><br \/>\n<span style=\"font-family: Liberation Sans,serif;\"><span style=\"font-size: large;\">Alla etablerade kreditkort kan anv\u00e4ndas i m\u00e5nga butiker och restauranger. Uttagsautomater finns p\u00e5 alla st\u00f6rre platser, men det \u00e4r dock bra att ha kontanter till hands \u2013 inte minst p\u00e5 de mindre \u00f6arna.<\/span><\/span><\/p>\n<p class=\"western\"><strong>Dricks<\/strong><strong>:<\/strong><br \/>\nEn extra serviceavgift tillkommer i vissa sammanhang. D\u00e4remot \u00e4r det alltid positivt om t ex en v\u00e4l utf\u00f6rd service i samband med restaurangbes\u00f6k, uppm\u00e4rksammas med en extra slant. Niv\u00e5n best\u00e4mmer du sj\u00e4lv, men ca 10% kan vara en l\u00e4mplig niv\u00e5.<\/p>\n<p class=\"western\"><strong>Tidsskillnad<\/strong><br \/>\n-6 timmar j\u00e4mf\u00f6rt med svensk vintertid. -5 timmar under v\u00e5r sommartid.<\/p>\n<p class=\"western\"><strong>V\u00e4gar, trafik, kommunikation<br \/>\n<\/strong>Det finns en utbyggd kollektivtrafik som fungerar p\u00e5 m\u00e5nga platser fr\u00e5n morgon till kv\u00e4ll. Det finns ocks\u00e5 tillg\u00e5ng p\u00e5 taxi, som dock \u00e4r relativt dyrt. M\u00e5nga hyr bil, moped eller cykel f\u00f6r att sj\u00e4lva se sig omkring.<br \/>\nEtt bra s\u00e4tt att ta sig runt mellan de olika \u00f6arna, \u00e4r snabb\u00e5tar (Fast Ferry).<\/p>\n<p class=\"western\"><strong>Elektricitet<\/strong><strong><br \/>\n<\/strong>Det varierar fr\u00e5n plats till plats. Fr\u00e5n 110-220 V. Om du \u00e4r os\u00e4ker p\u00e5 vad som g\u00e4ller f\u00f6r ditt hotell \u2013 h\u00f6r med oss! Adapter f\u00f6r medhavda elektriska apparater finns ofta p\u00e5 hotellen, men tag med internationell adapter f\u00f6r att vara p\u00e5 den s\u00e4kra sidan.<\/p>\n<p><strong>Lagar och lokala v\u00e4rderingar<\/strong><br \/>\nSom i alla l\u00e4nder finns nationella lagar, v\u00e4rderingar och lokala regler som man som bes\u00f6kare f\u00f6rv\u00e4ntas f\u00f6lja. Varje resen\u00e4r\/bes\u00f6kare har ansvar f\u00f6r att f\u00f6rvissa sig om aktuella f\u00f6rh\u00e5llningsregler och v\u00e4rderingar som ofta kan skilja sig en del mot vad vi \u00e4r vana vid. Vi rekommenderar dig att l\u00e4sa mer om regler, seder och bruk p\u00e5 respektive lands hemsida, samt \u00e4ven p\u00e5 Utrikesdepartementets hemsida med information om resor till utlandet. Dels \u00e4r det sk\u00f6nt att slippa otrevliga \u00f6verraskningar n\u00e4r du v\u00e4l \u00e4r p\u00e5 plats. Dessutom drar du dig l\u00e4rdom av landets kultur och traditioner.<\/p>\n<\/div><\/section><\/div>\n\n<style type=\"text\/css\" data-created_by=\"avia_inline_auto\" id=\"style-css-av-av_hr-0688d0b0b6ed2f8b057db7a8270206df\">\n#top .hr.hr-invisible.av-av_hr-0688d0b0b6ed2f8b057db7a8270206df{\nheight:50px;\n}\n<\/style>\n<div  class='hr av-av_hr-0688d0b0b6ed2f8b057db7a8270206df hr-invisible  avia-builder-el-7  el_after_av_one_full  el_before_av_one_half '><span class='hr-inner '><span class=\"hr-inner-style\"><\/span><\/span><\/div>\n<div class='flex_column_table av-av_one_half-eb22d586db4aa8536998fa6076f87d77 sc-av_one_half av-equal-height-column-flextable'>\n<style type=\"text\/css\" data-created_by=\"avia_inline_auto\" id=\"style-css-av-av_one_half-eb22d586db4aa8536998fa6076f87d77\">\n.flex_column.av-av_one_half-eb22d586db4aa8536998fa6076f87d77{\nborder-radius:0px 0px 0px 0px;\npadding:20px 20px 20px 20px;\nbackground-color:#f7f7f7;\n}\n<\/style>\n<div  class='flex_column av-av_one_half-eb22d586db4aa8536998fa6076f87d77 av_one_half  avia-builder-el-8  el_after_av_hr  el_before_av_one_half  first flex_column_table_cell av-equal-height-column av-align-top  '     ><p>\n<style type=\"text\/css\" data-created_by=\"avia_inline_auto\" id=\"style-css-av-av_heading-5e1bb4e2c977e97b14645873cdebaa13\">\n#top .av-special-heading.av-av_heading-5e1bb4e2c977e97b14645873cdebaa13{\npadding-bottom:10px;\n}\nbody .av-special-heading.av-av_heading-5e1bb4e2c977e97b14645873cdebaa13 .av-special-heading-tag .heading-char{\nfont-size:25px;\n}\n.av-special-heading.av-av_heading-5e1bb4e2c977e97b14645873cdebaa13 .av-subheading{\nfont-size:15px;\n}\n<\/style>\n<div  class='av-special-heading av-av_heading-5e1bb4e2c977e97b14645873cdebaa13 av-special-heading-h3  avia-builder-el-9  el_before_av_iconlist  avia-builder-el-first '><h3 class='av-special-heading-tag '  itemprop=\"headline\"  >Fakta<\/h3><div class=\"special-heading-border\"><div class=\"special-heading-inner-border\"><\/div><\/div><\/div><br \/>\n\n<style type=\"text\/css\" data-created_by=\"avia_inline_auto\" id=\"style-css-av-av_iconlist-999a2d681d06b0992925b5a008e74484\">\n#top .avia-icon-list-container.av-av_iconlist-999a2d681d06b0992925b5a008e74484 .iconlist_icon{\ncolor:#3a3a3a;\nbackground-color:#f7f7f7;\nborder:1px solid #3a3a3a;\n}\n<\/style>\n<div  class='avia-icon-list-container av-av_iconlist-999a2d681d06b0992925b5a008e74484  avia-builder-el-10  el_after_av_heading  avia-builder-el-last '><ul class='avia-icon-list avia_animate_when_almost_visible avia-icon-list-left av-iconlist-big av-av_iconlist-999a2d681d06b0992925b5a008e74484 avia-iconlist-animate'>\n<li><div class='iconlist_icon av-av_iconlist_item-39b279e8171f6829e56095a29a82e327 avia-font-entypo-fontello'><span class='iconlist-char' aria-hidden='true' data-av_icon='\ue84d' data-av_iconfont='entypo-fontello'><\/span><\/div><article class=\"article-icon-entry \"  itemscope=\"itemscope\" itemtype=\"https:\/\/schema.org\/CreativeWork\" ><div class=\"iconlist_content_wrap\"><header class=\"entry-content-header\" aria-label=\"Icon: Visum\"><h4 class='av_iconlist_title iconlist_title  '  itemprop=\"headline\" >Visum<\/h4><\/header><div class='iconlist_content '  itemprop=\"text\" ><p><em>Visumfritt i vistelse upp till 90 dagar f\u00f6r svenska\/nordiska medborgare. <\/em><\/p>\n<\/div><\/div><footer class=\"entry-footer\"><\/footer><\/article><div class=\"iconlist-timeline\"><\/div><\/li>\n<li><div class='iconlist_icon av-av_iconlist_item-e2f1d09a1cbbc00a097234998041fc3d avia-font-entypo-fontello'><span class='iconlist-char' aria-hidden='true' data-av_icon='\ue8cf' data-av_iconfont='entypo-fontello'><\/span><\/div><article class=\"article-icon-entry \"  itemscope=\"itemscope\" itemtype=\"https:\/\/schema.org\/CreativeWork\" ><div class=\"iconlist_content_wrap\"><header class=\"entry-content-header\" aria-label=\"Icon: Valuta\"><h4 class='av_iconlist_title iconlist_title  '  itemprop=\"headline\" >Valuta<\/h4><\/header><div class='iconlist_content '  itemprop=\"text\" ><p>Bahamasdollar<\/p>\n<\/div><\/div><footer class=\"entry-footer\"><\/footer><\/article><div class=\"iconlist-timeline\"><\/div><\/li>\n<li><div class='iconlist_icon av-av_iconlist_item-8d5312078593b0174c29e7a8047add13 avia-font-entypo-fontello'><span class='iconlist-char' aria-hidden='true' data-av_icon='\ue866' data-av_iconfont='entypo-fontello'><\/span><\/div><article class=\"article-icon-entry \"  itemscope=\"itemscope\" itemtype=\"https:\/\/schema.org\/CreativeWork\" ><div class=\"iconlist_content_wrap\"><header class=\"entry-content-header\" aria-label=\"Icon: Klimat\"><h4 class='av_iconlist_title iconlist_title  '  itemprop=\"headline\" >Klimat<\/h4><\/header><div class='iconlist_content '  itemprop=\"text\" ><p><em>B\u00e4sta tid att resa \u00e4r december-maj.<br \/>\nVarmt och sk\u00f6nt hela \u00e5ret, men mer nederb\u00f6rd under v\u00e5r sommarperiod.<br \/>\n<\/em><\/p>\n<\/div><\/div><footer class=\"entry-footer\"><\/footer><\/article><div class=\"iconlist-timeline\"><\/div><\/li>\n<\/ul><\/div><\/p><\/div><div class='av-flex-placeholder'><\/div>\n<style type=\"text\/css\" data-created_by=\"avia_inline_auto\" id=\"style-css-av-av_one_half-c99897e014b6ac50785e16af58e9b83d\">\n.flex_column.av-av_one_half-c99897e014b6ac50785e16af58e9b83d{\nborder-radius:0px 0px 0px 0px;\npadding:20px 20px 20px 20px;\nbackground-color:#f7f7f7;\n}\n<\/style>\n<div  class='flex_column av-av_one_half-c99897e014b6ac50785e16af58e9b83d av_one_half  avia-builder-el-11  el_after_av_one_half  el_before_av_hr  flex_column_table_cell av-equal-height-column av-align-top  '     ><p>\n<style type=\"text\/css\" data-created_by=\"avia_inline_auto\" id=\"style-css-av-av_heading-a8f60ef72849b8b0cf4d08e012dead90\">\n#top .av-special-heading.av-av_heading-a8f60ef72849b8b0cf4d08e012dead90{\npadding-bottom:10px;\n}\nbody .av-special-heading.av-av_heading-a8f60ef72849b8b0cf4d08e012dead90 .av-special-heading-tag .heading-char{\nfont-size:25px;\n}\n.av-special-heading.av-av_heading-a8f60ef72849b8b0cf4d08e012dead90 .av-subheading{\nfont-size:15px;\n}\n<\/style>\n<div  class='av-special-heading av-av_heading-a8f60ef72849b8b0cf4d08e012dead90 av-special-heading-h3  avia-builder-el-12  el_before_av_sidebar  avia-builder-el-first '><h3 class='av-special-heading-tag '  itemprop=\"headline\"  >V\u00e4der<\/h3><div class=\"special-heading-border\"><div class=\"special-heading-inner-border\"><\/div><\/div><\/div><br \/>\n<div  class='avia-builder-widget-area clearfix  avia-builder-el-13  el_after_av_heading  avia-builder-el-last '><div id=\"weer_widget-6\" class=\"widget clearfix weer_widget\">\n        <div id=\"\"\n             class=\"weather_widget_wrap weer-widget weather_widget_style1\"\n             data-text-color='#000000'\n             data-background=\"#f7f7f7\"\n             data-width=\"100\"\n             data-header=\"\"\n             data-days=\"3\"\n             data-sunrise=\"false\"\n             data-wind=\"false\"\n             data-current=\"on\"\n             data-language=\"english\"\n             data-city=\"Male\"\n             data-country=\"Maldives\">\n\n            <div class=\"weather_widget_placeholder\"><\/div>\n            <div style=\"font-size: 14px;text-align: center;padding-top: 6px;padding-bottom: 4px;background: rgba(0,0,0,0.03);\">\n                Powered by <a target=\"_blank\" href=\"https:\/\/www.weer1.com\">Weer1.com<\/a>\n            <\/div>\n        <\/div>\n        <\/div><\/div><\/p><\/div><\/div><!--close column table wrapper. Autoclose: 1 --><\/p>\n\n<style type=\"text\/css\" data-created_by=\"avia_inline_auto\" id=\"style-css-av-av_hr-0688d0b0b6ed2f8b057db7a8270206df\">\n#top .hr.hr-invisible.av-av_hr-0688d0b0b6ed2f8b057db7a8270206df{\nheight:50px;\n}\n<\/style>\n<div  class='hr av-av_hr-0688d0b0b6ed2f8b057db7a8270206df hr-invisible  avia-builder-el-14  el_after_av_one_half  avia-builder-el-last '><span class='hr-inner '><span class=\"hr-inner-style\"><\/span><\/span><\/div>\n","protected":false},"excerpt":{"rendered":"","protected":false},"author":2,"featured_media":0,"parent":0,"menu_order":0,"comment_status":"closed","ping_status":"closed","template":"","meta":{"_vp_format_video_url":"","_vp_image_focal_point":[],"footnotes":""},"class_list":["post-20908","page","type-page","status-publish","hentry"],"_links":{"self":[{"href":"https:\/\/www.goinstyle.se\/bahamas\/wp-json\/wp\/v2\/pages\/20908","targetHints":{"allow":["GET"]}}],"collection":[{"href":"https:\/\/www.goinstyle.se\/bahamas\/wp-json\/wp\/v2\/pages"}],"about":[{"href":"https:\/\/www.goinstyle.se\/bahamas\/wp-json\/wp\/v2\/types\/page"}],"author":[{"embeddable":true,"href":"https:\/\/www.goinstyle.se\/bahamas\/wp-json\/wp\/v2\/users\/2"}],"replies":[{"embeddable":true,"href":"https:\/\/www.goinstyle.se\/bahamas\/wp-json\/wp\/v2\/comments?post=20908"}],"version-history":[{"count":8,"href":"https:\/\/www.goinstyle.se\/bahamas\/wp-json\/wp\/v2\/pages\/20908\/revisions"}],"predecessor-version":[{"id":33415,"href":"https:\/\/www.goinstyle.se\/bahamas\/wp-json\/wp\/v2\/pages\/20908\/revisions\/33415"}],"wp:attachment":[{"href":"https:\/\/www.goinstyle.se\/bahamas\/wp-json\/wp\/v2\/media?parent=20908"}],"curies":[{"name":"wp","href":"https:\/\/api.w.org\/{rel}","templated":true}]}}