{"id":20905,"date":"2017-03-01T12:22:33","date_gmt":"2017-03-01T12:22:33","guid":{"rendered":"http:\/\/www.goinstyle.se\/?page_id=20905\/"},"modified":"2018-06-28T12:44:54","modified_gmt":"2018-06-28T10:44:54","slug":"om-barbados-2","status":"publish","type":"page","link":"https:\/\/www.goinstyle.se\/barbados\/om-barbados-2\/","title":{"rendered":"Om Barbados"},"content":{"rendered":"\n<style type=\"text\/css\" data-created_by=\"avia_inline_auto\" id=\"style-css-av-av_section-0bbb10859c6df919f12a1ab96fadc03e\">\n.avia-section.av-av_section-0bbb10859c6df919f12a1ab96fadc03e{\nbackground-repeat:no-repeat;\nbackground-image:url(https:\/\/www.goinstyle.se\/wp-content\/uploads\/2017\/03\/barbados_toppbild-1.jpg);\nbackground-position:50% 0%;\nbackground-attachment:scroll;\n}\n<\/style>\n<div id='av_section_1'  class='avia-section av-av_section-0bbb10859c6df919f12a1ab96fadc03e main_color avia-section-default avia-no-shadow  avia-builder-el-0  el_before_av_section  avia-builder-el-first  avia-full-stretch avia-bg-style-scroll container_wrap fullsize'  data-section-bg-repeat='stretch'><div class='container av-section-cont-open' ><main  role=\"main\" itemprop=\"mainContentOfPage\"  class='template-page content  av-content-full alpha units'><div class='post-entry post-entry-type-page post-entry-20905'><div class='entry-content-wrapper clearfix'>\n\n<style type=\"text\/css\" data-created_by=\"avia_inline_auto\" id=\"style-css-av-av_hr-a6de236e6c183bbbd700292deacd2b52\">\n#top .hr.hr-invisible.av-av_hr-a6de236e6c183bbbd700292deacd2b52{\nheight:20px;\n}\n<\/style>\n<div  class='hr av-av_hr-a6de236e6c183bbbd700292deacd2b52 hr-invisible  avia-builder-el-1  el_before_av_heading  avia-builder-el-first '><span class='hr-inner '><span class=\"hr-inner-style\"><\/span><\/span><\/div>\n\n<style type=\"text\/css\" data-created_by=\"avia_inline_auto\" id=\"style-css-av-av_heading-d2c6df0656dd0faaebb2f6fce2d37ec8\">\n#top .av-special-heading.av-av_heading-d2c6df0656dd0faaebb2f6fce2d37ec8{\npadding-bottom:10px;\ncolor:#ffffff;\nfont-size:40px;\n}\nbody .av-special-heading.av-av_heading-d2c6df0656dd0faaebb2f6fce2d37ec8 .av-special-heading-tag .heading-char{\nfont-size:25px;\n}\n#top #wrap_all .av-special-heading.av-av_heading-d2c6df0656dd0faaebb2f6fce2d37ec8 .av-special-heading-tag{\nfont-size:40px;\n}\n.av-special-heading.av-av_heading-d2c6df0656dd0faaebb2f6fce2d37ec8 .special-heading-inner-border{\nborder-color:#ffffff;\n}\n.av-special-heading.av-av_heading-d2c6df0656dd0faaebb2f6fce2d37ec8 .av-subheading{\nfont-size:15px;\n}\n\n@media only screen and (min-width: 480px) and (max-width: 767px){ \n#top #wrap_all .av-special-heading.av-av_heading-d2c6df0656dd0faaebb2f6fce2d37ec8 .av-special-heading-tag{\nfont-size:0.8em;\n}\n}\n\n@media only screen and (max-width: 479px){ \n#top #wrap_all .av-special-heading.av-av_heading-d2c6df0656dd0faaebb2f6fce2d37ec8 .av-special-heading-tag{\nfont-size:0.8em;\n}\n}\n<\/style>\n<div  class='av-special-heading av-av_heading-d2c6df0656dd0faaebb2f6fce2d37ec8 av-special-heading-h6 custom-color-heading blockquote modern-quote modern-centered  avia-builder-el-2  el_after_av_hr  avia-builder-el-last  av-inherit-size'><h6 class='av-special-heading-tag '  itemprop=\"headline\"  >Om Barbados<\/h6><div class=\"special-heading-border\"><div class=\"special-heading-inner-border\"><\/div><\/div><\/div>\n\n<\/div><\/div><\/main><!-- close content main element --><\/div><\/div><div id='divbred'  class='avia-section av-av_section-f69f9b9995685ee5a4eaf64d6d9c3d13 main_color avia-section-default avia-no-shadow  avia-builder-el-3  el_after_av_section  el_before_av_one_full  avia-bg-style-scroll container_wrap fullsize'  ><div class='container av-section-cont-open' ><div class='template-page content  av-content-full alpha units'><div class='post-entry post-entry-type-page post-entry-20905'><div class='entry-content-wrapper clearfix'>\n<section  class='av_textblock_section av-av_textblock-0366cc7376be6c9e82a3e9cc8987b64f '   itemscope=\"itemscope\" itemtype=\"https:\/\/schema.org\/CreativeWork\" ><div class='avia_textblock'  itemprop=\"text\" ><pre><code><nav aria-label=\"breadcrumbs\">\n            <div class=\"breadcrumb-container theme1\">\n                <ol>\n                    <li><a title=\"Du \u00e4r h\u00e4r:\" href=\"#\"><span>Du \u00e4r h\u00e4r:<\/span><\/a><span class=\"separator\">\u00bb<\/span><\/li>\n                    <\/ol>\n            <\/div>\n        <\/nav>    <script type=\"application\/ld+json\">\n        {\n            \"@context\": \"http:\/\/schema.org\",\n            \"@type\": \"BreadcrumbList\",\n            \"itemListElement\": [\n                 {\n                            \"@type\": \"ListItem\",\n                            \"position\": 1,\n                            \"item\": {\n                                \"@id\": \"#\",\n                                \"name\": \"Du \u00e4r h\u00e4r:\"\n                            }\n                        }\n                                                    ]\n        }\n    <\/script>\n   \n    <script>\n            <\/script>\n<\/code><\/pre>\n<\/div><\/section>\n<\/div><\/div><\/div><!-- close content main div --><\/div><\/div><div id='after_section_2'  class='main_color av_default_container_wrap container_wrap fullsize'  ><div class='container av-section-cont-open' ><div class='template-page content  av-content-full alpha units'><div class='post-entry post-entry-type-page post-entry-20905'><div class='entry-content-wrapper clearfix'>\n\n<style type=\"text\/css\" data-created_by=\"avia_inline_auto\" id=\"style-css-av-av_one_full-c3f0f78c26a863dc60f14a52019fd8b2\">\n#top .flex_column.av-av_one_full-c3f0f78c26a863dc60f14a52019fd8b2{\nmargin-top:0px;\nmargin-bottom:0px;\n}\n.flex_column.av-av_one_full-c3f0f78c26a863dc60f14a52019fd8b2{\nborder-radius:0px 0px 0px 0px;\npadding:0px 0px 0px 0px;\n}\n.responsive #top #wrap_all .flex_column.av-av_one_full-c3f0f78c26a863dc60f14a52019fd8b2{\nmargin-top:0px;\nmargin-bottom:0px;\n}\n<\/style>\n<div  class='flex_column av-av_one_full-c3f0f78c26a863dc60f14a52019fd8b2 av_one_full  avia-builder-el-5  el_after_av_section  el_before_av_hr  avia-builder-el-first  first flex_column_div av-zero-column-padding  '     ><section  class='av_textblock_section av-av_textblock-0366cc7376be6c9e82a3e9cc8987b64f '   itemscope=\"itemscope\" itemtype=\"https:\/\/schema.org\/CreativeWork\" ><div class='avia_textblock'  itemprop=\"text\" ><h1>Om Barbados<\/h1>\n<p><strong>Resm\u00e5let<\/strong><br \/>\nBarbados \u00e4r den \u00f6stligaste av de karibiska \u00f6arna och ligger n\u00e4rmast St Vincent och Grenadinerna. \u00d6n \u00e4r 34 km l\u00e5ng och 23 km bred med ett varierat landskap som \u00e4r relativt flackt. \u00d6ns h\u00f6gsta punkt \u00e4r berget Mount Hillaby som str\u00e4cker sig 340 m \u00f6 h.<br \/>\nDu finner h\u00e4r ett av v\u00e4rldens renaste badvatten, d\u00e4r de flesta och b\u00e4sta str\u00e4nderna ligger p\u00e5 v\u00e4stkusten. P\u00e5 ost- och sydkusten \u00e4r bl\u00e5ser det mer och ostkusten \u00e4r klippig och mindre g\u00e4stv\u00e4nlig.<br \/>\nDe flesta hotell ligger l\u00e4ngs den v\u00e4stra och sydv\u00e4stliga delen. Klimatet \u00e4r tropiskt och h\u00e5ller en h\u00f6g och j\u00e4mn temperatur i s\u00e5v\u00e4l luft som vatten \u00e5ret runt. Barbados har en stabil ekonomi och tillh\u00f6r de mest v\u00e4lsituerade i den karibiska \u00f6v\u00e4rlden. Dagens st\u00f6rsta inkomstk\u00e4llor \u00e4r turism och finansiella tj\u00e4nster som ersatt den tidigare huvudn\u00e4ringen sockerproduktion.<br \/>\nTrots ett sedan m\u00e5nga \u00e5r etablerat turistliv, finner du h\u00e4r \u00e4ven lite lugnare och finare platser, d\u00e4r vi p\u00e5 Go InStyle gjort vad vi kan f\u00f6r att plocka russinen i kakan. L\u00e5t dig v\u00e4l smaka!<\/p>\n<p><strong>N\u00f6jesliv, mat och dryck<\/strong><br \/>\nH\u00e4r finns inte mycket internationellt n\u00f6jesliv och det mesta sker p\u00e5 lokala barer och restauranger, samt vissa hotell med upptr\u00e4dande och shower. Du l\u00e4r dock m\u00e4rka av folklivet och musiken om du ger dig ut kv\u00e4llstid.<br \/>\nBarbados lokala mattraditioner \u00e4r en underbar blandning i smak och kryddor som h\u00e4mtats fr\u00e5n det afrikanska, indiska och brittiska k\u00f6ket. Bland de mest popul\u00e4ra nationella r\u00e4tterna finner du t ex Cou-Cou &amp; Flying fish \u2013 d\u00e4r Cou-Cou g\u00f6rs av majsmj\u00f6l, okra och l\u00f6k som tillagas ihop och serveras med flygfisk som f\u00e5tt sjuda tillsammans med kryddor och gr\u00f6nsaker.<br \/>\nEn annan favorit \u00e4r Fishcakes &amp; Saltbread som \u00e4r sm\u00e5 \u201dfiskburgare\u201d som oftast \u00e4ts tillsammans med saltbread som egentligen inte \u00e4r extremt salt, men avviker fr\u00e5n \u00f6vrig lokal br\u00f6dtradition som huvudsakligen b\u00e4r stor s\u00f6tma.<br \/>\nF\u00f6r dig som ser m\u00e5ltidsupplevelserna som en viktig reseingrediens, ges m\u00e5nga tillf\u00e4llen till h\u00f6gtidsstunder!<\/p>\n<p><strong>Sol och bad<\/strong><br \/>\nMed \u00f6ver 50 str\u00e4nder p\u00e5 den lilla \u00f6n, r\u00e5der knappast n\u00e5gon brist p\u00e5 utbud. H\u00e4r \u00e4r samtliga str\u00e4nder offentliga, varav de allra b\u00e4sta ligger p\u00e5 v\u00e4stkusten, d\u00e4r man uppt\u00e4cker den ena efter den andra med finaste, vita sand och kantade med palmer. P\u00e5 den sydliga kusten \u00e4r vinden lite starkare och mer p\u00e5taglig, vilket gjort den delen till attraktiv plats f\u00f6r att ut\u00f6va Wind- och Kitesurfing, t ex.<br \/>\nM\u00e5nga av str\u00e4nderna har bekv\u00e4mlighetsfaciliteter av olika slag, vilket g\u00f6r att du kan spendera en hel dag d\u00e4r om du vill. Var dock f\u00f6rsiktig med solen och gl\u00f6m inte bort att ta p\u00e5 dig ordentligt med solskydd. Se till att ta p\u00e5 ytterligare solskydd om du \u00e4r i vattnet mycket!<\/p>\n<p><strong>Sev\u00e4rdheter och aktiviteter<\/strong><br \/>\nDet finns mycket att v\u00e4lja p\u00e5 f\u00f6r den aktive resen\u00e4ren, d\u00e4r vattensporter, golf, fiske och vandringsturer \u00e4r de mest framtr\u00e4dande.<br \/>\nF\u00f6r den som vill uppleva naturen, erbjuds faktiskt ett flertal alternativ f\u00f6r nya upplevelser &#8211; t ex den otroligt fascinerande droppstensgrottan vid Harrison Cave eller Animal Flower Cave med tusentals havsanemoner som ligger i anslutning till Harrison Cave. Det mycket vackra och v\u00e4lbevarade plantagehuset St Nicholas Abbey fr\u00e5n 1600-talet \u00e4r ett annat mycket sev\u00e4rt bes\u00f6ksobjekt. I Holetown strax norr om Bridgetown finner du en ny shoppinggalleria med m\u00e5nga m\u00e4rkesbutiker och i Holetown finns ocks\u00e5 en mer genuin, lokal shopping i Chattel Village d\u00e4r butikerna ligger inrymda i de charmiga, pastellf\u00e4rgade tr\u00e4husen. I Bridgetown och omr\u00e5det rund Broad Street finner du en m\u00e4ngd butiker med varierande utbud. M\u00e5nga \u00e4r dessutom tax-free och inneb\u00e4r stora prisf\u00f6rdelar om du har med dig ditt pass! Swan Street, Roebuck Street och Tudor Street bjuder ocks\u00e5 p\u00e5 mycket. I utkanten av Bridgetown ligger Pelican Village som erbjuder en m\u00e4ngd udda, sp\u00e4nnande och annorlunda, lokaltillverkade saker! Vi f\u00f6resl\u00e5r dig som s\u00f6ker det lite udda och genuina att ta dig dit.<br \/>\nBarbados har ocks\u00e5 en stor koloni Karettsk\u00f6ldpaddor som tillh\u00f6r sl\u00e4ktet J\u00e4ttesk\u00f6ldpaddor och \u00e4r skyddade av myndigheterna f\u00f6r att s\u00e4kerst\u00e4lla t ex den viktiga \u00e4ggkl\u00e4ckningsprocessen varje \u00e5r.<br \/>\nDet finns mycket goda m\u00f6jligheter f\u00f6r dig att uppt\u00e4cka Barbados p\u00e5 egen hand med bil, vilket g\u00f6r att du kan uppt\u00e4cka precis det du vill &#8211; och kanske \u00e4ven uppt\u00e4cker sp\u00e4nnande saker du inte visste om! Bilen \u00e4r perfekt f\u00f6r att se \u00f6ns variation fr\u00e5n den vilda \u00f6stkusten, det b\u00f6ljande och lite dramatiska inlandet till den inbjudande, sand- och soldr\u00e4nkta v\u00e4stkusten!<\/p>\n<p><strong>Historia<\/strong><br \/>\nBarbados blev en brittisk koloni p\u00e5 1600-talet d\u00e5 \u00f6n var obebodd. Ursprungligen skall indianfolk ha bott d\u00e4r. Ekonomin har historiskt dominerats av sockerr\u00f6rsodling, till vilket slavar fr\u00e5n Afrika utnyttjades. Sedan 1950-talet har man haft allm\u00e4n r\u00f6str\u00e4tt och ett \u00f6kat sj\u00e4lvstyre uppn\u00e5ddes 1961. Sedan 1966 \u00e4r Barbados en sj\u00e4lvst\u00e4ndig stat inom det brittiska samv\u00e4ldet.<\/p>\n<p><strong>Yta<\/strong><br \/>\n430 kvadratkilometer<\/p>\n<p><strong>Inv\u00e5nare<\/strong><br \/>\nCa 285000<\/p>\n<p><strong>Spr\u00e5k<\/strong><br \/>\nEngelska<\/p>\n<p><strong>Huvudstad<\/strong><br \/>\nBridgetown, ca 93000 inv\u00e5nare.<\/p>\n<p><strong>Klimat<\/strong><br \/>\nTropiskt klimat med temperaturer som l\u00e4gst p\u00e5 ca 21 grader. Dagstemperaturer mellan 27 och 30 grader \u00e5ret runt. Vattentemperaturen h\u00e5ller 27-29 grader under hela \u00e5ret. Det f\u00f6rekommer kortare regnskurar hela \u00e5ret, men oftare i perioden juli-november.<\/p>\n<p><strong>Valuta<\/strong><br \/>\nBarbadian Dollar (BDS). US Dollar accepteras p\u00e5 de flesta platser. Uttagsautomater finns p\u00e5 m\u00e5nga platser.<\/p>\n<p><strong>Kreditkort<\/strong><br \/>\nKreditkort som t ex Visa och Master Card accepteras i de flesta aff\u00e4rer och restauranger. Det \u00e4r dock bra att ha kontanter i den lokala valutan eller US Dollar.<\/p>\n<p><strong>Dricks<\/strong><br \/>\nI regel tillkommer 10% service p\u00e5 restaurangnotan \u2013 alt. \u00e4r den inkluderad, vilket i s\u00e5 fall framg\u00e5r som serviceavgift. F\u00f6r att visa din uppskattning f\u00f6r \u00f6vrig tj\u00e4nsteservice, uppskattas alltid en slant f\u00f6r utf\u00f6rt arbete. Om service\/dricks inte \u00e4r inkluderad, rekommenderas en dricks p\u00e5 10%. Kontant dricks ges l\u00e4mpligen i den lokala valutan eller USD.<\/p>\n<p><strong>Tidsskillnad<\/strong><br \/>\n-5 timmar j\u00e4mf\u00f6rt med svensk vintertid. -6 timmar under v\u00e5r sommartid.<\/p>\n<p><strong>V\u00e4gar, trafik, kommunikation<\/strong><br \/>\nDet r\u00e5der v\u00e4nstertrafik p\u00e5 Barbados. Vad g\u00e4ller kommunikationer finns annars b\u00e5de bussar och minibussar, vilket inneb\u00e4r en upplevelse i sig d\u00e4r du kommer n\u00e4ra lokalbefolkningen. Du kan inte r\u00e4kna med fungerande tidtabeller enligt v\u00e5ra normer. Det finns \u00e4ven taxi att hyra \u2013 vi rekommenderar starkt att komma \u00f6verens om priset f\u00f6re p\u00e5stigning i den. Hyrbilar finns ocks\u00e5 att tillg\u00e5.<\/p>\n<p><strong>Elektricitet<\/strong><br \/>\n110 V. Adapter f\u00f6r medhavda elektriska apparater finns ofta p\u00e5 hotellen, men tag med internationell adapter f\u00f6r att vara p\u00e5 den s\u00e4kra sidan.<\/p>\n<p><strong>Lagar och lokala v\u00e4rderingar<\/strong><br \/>\nSom i alla l\u00e4nder finns nationella lagar, v\u00e4rderingar och lokala regler som man som bes\u00f6kare f\u00f6rv\u00e4ntas f\u00f6lja. Varje resen\u00e4r\/bes\u00f6kare har ansvar f\u00f6r att f\u00f6rvissa sig om aktuella f\u00f6rh\u00e5llningsregler och v\u00e4rderingar som ofta kan skilja sig en del mot vad vi \u00e4r vana vid. Vi rekommenderar dig att l\u00e4sa mer om regler, seder och bruk p\u00e5 respektive lands hemsida, samt \u00e4ven p\u00e5 Utrikesdepartementets hemsida med information om resor till utlandet. Dels \u00e4r det sk\u00f6nt att slippa otrevliga \u00f6verraskningar n\u00e4r du v\u00e4l \u00e4r p\u00e5 plats. Dessutom drar du dig l\u00e4rdom av landets kultur och traditioner.<\/p>\n<\/div><\/section><\/div>\n\n<style type=\"text\/css\" data-created_by=\"avia_inline_auto\" id=\"style-css-av-av_hr-0688d0b0b6ed2f8b057db7a8270206df\">\n#top .hr.hr-invisible.av-av_hr-0688d0b0b6ed2f8b057db7a8270206df{\nheight:50px;\n}\n<\/style>\n<div  class='hr av-av_hr-0688d0b0b6ed2f8b057db7a8270206df hr-invisible  avia-builder-el-7  el_after_av_one_full  el_before_av_one_half '><span class='hr-inner '><span class=\"hr-inner-style\"><\/span><\/span><\/div>\n<div class='flex_column_table av-av_one_half-eb22d586db4aa8536998fa6076f87d77 sc-av_one_half av-equal-height-column-flextable'>\n<style type=\"text\/css\" data-created_by=\"avia_inline_auto\" id=\"style-css-av-av_one_half-eb22d586db4aa8536998fa6076f87d77\">\n.flex_column.av-av_one_half-eb22d586db4aa8536998fa6076f87d77{\nborder-radius:0px 0px 0px 0px;\npadding:20px 20px 20px 20px;\nbackground-color:#f7f7f7;\n}\n<\/style>\n<div  class='flex_column av-av_one_half-eb22d586db4aa8536998fa6076f87d77 av_one_half  avia-builder-el-8  el_after_av_hr  el_before_av_one_half  first flex_column_table_cell av-equal-height-column av-align-top  '     ><p>\n<style type=\"text\/css\" data-created_by=\"avia_inline_auto\" id=\"style-css-av-av_heading-5e1bb4e2c977e97b14645873cdebaa13\">\n#top .av-special-heading.av-av_heading-5e1bb4e2c977e97b14645873cdebaa13{\npadding-bottom:10px;\n}\nbody .av-special-heading.av-av_heading-5e1bb4e2c977e97b14645873cdebaa13 .av-special-heading-tag .heading-char{\nfont-size:25px;\n}\n.av-special-heading.av-av_heading-5e1bb4e2c977e97b14645873cdebaa13 .av-subheading{\nfont-size:15px;\n}\n<\/style>\n<div  class='av-special-heading av-av_heading-5e1bb4e2c977e97b14645873cdebaa13 av-special-heading-h3  avia-builder-el-9  el_before_av_iconlist  avia-builder-el-first '><h3 class='av-special-heading-tag '  itemprop=\"headline\"  >Fakta<\/h3><div class=\"special-heading-border\"><div class=\"special-heading-inner-border\"><\/div><\/div><\/div><br \/>\n\n<style type=\"text\/css\" data-created_by=\"avia_inline_auto\" id=\"style-css-av-av_iconlist-999a2d681d06b0992925b5a008e74484\">\n#top .avia-icon-list-container.av-av_iconlist-999a2d681d06b0992925b5a008e74484 .iconlist_icon{\ncolor:#3a3a3a;\nbackground-color:#f7f7f7;\nborder:1px solid #3a3a3a;\n}\n<\/style>\n<div  class='avia-icon-list-container av-av_iconlist-999a2d681d06b0992925b5a008e74484  avia-builder-el-10  el_after_av_heading  avia-builder-el-last '><ul class='avia-icon-list avia_animate_when_almost_visible avia-icon-list-left av-iconlist-big av-av_iconlist-999a2d681d06b0992925b5a008e74484 avia-iconlist-animate'>\n<li><div class='iconlist_icon av-av_iconlist_item-39b279e8171f6829e56095a29a82e327 avia-font-entypo-fontello'><span class='iconlist-char' aria-hidden='true' data-av_icon='\ue84d' data-av_iconfont='entypo-fontello'><\/span><\/div><article class=\"article-icon-entry \"  itemscope=\"itemscope\" itemtype=\"https:\/\/schema.org\/CreativeWork\" ><div class=\"iconlist_content_wrap\"><header class=\"entry-content-header\" aria-label=\"Icon: Visum\"><h4 class='av_iconlist_title iconlist_title  '  itemprop=\"headline\" >Visum<\/h4><\/header><div class='iconlist_content '  itemprop=\"text\" ><p>Visum beh\u00f6vs inte f\u00f6r svenska medborgare f\u00f6r turistvistelse upp till 180 dagar.<em><br \/>\n<\/em><\/p>\n<\/div><\/div><footer class=\"entry-footer\"><\/footer><\/article><div class=\"iconlist-timeline\"><\/div><\/li>\n<li><div class='iconlist_icon av-av_iconlist_item-e2f1d09a1cbbc00a097234998041fc3d avia-font-entypo-fontello'><span class='iconlist-char' aria-hidden='true' data-av_icon='\ue8cf' data-av_iconfont='entypo-fontello'><\/span><\/div><article class=\"article-icon-entry \"  itemscope=\"itemscope\" itemtype=\"https:\/\/schema.org\/CreativeWork\" ><div class=\"iconlist_content_wrap\"><header class=\"entry-content-header\" aria-label=\"Icon: Valuta\"><h4 class='av_iconlist_title iconlist_title  '  itemprop=\"headline\" >Valuta<\/h4><\/header><div class='iconlist_content '  itemprop=\"text\" ><p>Barbadian Dollar (BDS). US Dollar accepteras p\u00e5 de flesta platser.<\/p>\n<p><em>\u00a0<\/em><\/p>\n<\/div><\/div><footer class=\"entry-footer\"><\/footer><\/article><div class=\"iconlist-timeline\"><\/div><\/li>\n<li><div class='iconlist_icon av-av_iconlist_item-8d5312078593b0174c29e7a8047add13 avia-font-entypo-fontello'><span class='iconlist-char' aria-hidden='true' data-av_icon='\ue866' data-av_iconfont='entypo-fontello'><\/span><\/div><article class=\"article-icon-entry \"  itemscope=\"itemscope\" itemtype=\"https:\/\/schema.org\/CreativeWork\" ><div class=\"iconlist_content_wrap\"><header class=\"entry-content-header\" aria-label=\"Icon: Klimat\"><h4 class='av_iconlist_title iconlist_title  '  itemprop=\"headline\" >Klimat<\/h4><\/header><div class='iconlist_content '  itemprop=\"text\" ><p>Tropiskt klimat med temperaturer som l\u00e4gst p\u00e5 ca 21 grader. Dagstemperaturer mellan 27 och 30 grader \u00e5ret runt. Vattentemperaturen h\u00e5ller 27-29 grader under hela \u00e5ret.<\/p>\n<p><em>\u00a0<\/em><\/p>\n<\/div><\/div><footer class=\"entry-footer\"><\/footer><\/article><div class=\"iconlist-timeline\"><\/div><\/li>\n<\/ul><\/div><\/p><\/div><div class='av-flex-placeholder'><\/div>\n<style type=\"text\/css\" data-created_by=\"avia_inline_auto\" id=\"style-css-av-av_one_half-c99897e014b6ac50785e16af58e9b83d\">\n.flex_column.av-av_one_half-c99897e014b6ac50785e16af58e9b83d{\nborder-radius:0px 0px 0px 0px;\npadding:20px 20px 20px 20px;\nbackground-color:#f7f7f7;\n}\n<\/style>\n<div  class='flex_column av-av_one_half-c99897e014b6ac50785e16af58e9b83d av_one_half  avia-builder-el-11  el_after_av_one_half  el_before_av_hr  flex_column_table_cell av-equal-height-column av-align-top  '     ><p>\n<style type=\"text\/css\" data-created_by=\"avia_inline_auto\" id=\"style-css-av-av_heading-a8f60ef72849b8b0cf4d08e012dead90\">\n#top .av-special-heading.av-av_heading-a8f60ef72849b8b0cf4d08e012dead90{\npadding-bottom:10px;\n}\nbody .av-special-heading.av-av_heading-a8f60ef72849b8b0cf4d08e012dead90 .av-special-heading-tag .heading-char{\nfont-size:25px;\n}\n.av-special-heading.av-av_heading-a8f60ef72849b8b0cf4d08e012dead90 .av-subheading{\nfont-size:15px;\n}\n<\/style>\n<div  class='av-special-heading av-av_heading-a8f60ef72849b8b0cf4d08e012dead90 av-special-heading-h3  avia-builder-el-12  el_before_av_sidebar  avia-builder-el-first '><h3 class='av-special-heading-tag '  itemprop=\"headline\"  >V\u00e4der<\/h3><div class=\"special-heading-border\"><div class=\"special-heading-inner-border\"><\/div><\/div><\/div><br \/>\n<div  class='avia-builder-widget-area clearfix  avia-builder-el-13  el_after_av_heading  avia-builder-el-last '><div id=\"weer_widget-30\" class=\"widget clearfix weer_widget\">\n        <div id=\"\"\n             class=\"weather_widget_wrap weer-widget weather_widget_style1\"\n             data-text-color='#000000'\n             data-background=\"#f7f7f7\"\n             data-width=\"100\"\n             data-header=\"\"\n             data-days=\"3\"\n             data-sunrise=\"false\"\n             data-wind=\"false\"\n             data-current=\"on\"\n             data-language=\"english\"\n             data-city=\"Bridgetown\"\n             data-country=\"Barbados\">\n\n            <div class=\"weather_widget_placeholder\"><\/div>\n            <div style=\"font-size: 14px;text-align: center;padding-top: 6px;padding-bottom: 4px;background: rgba(0,0,0,0.03);\">\n                Powered by <a target=\"_blank\" href=\"https:\/\/www.weer1.com\">Weer1.com<\/a>\n            <\/div>\n        <\/div>\n        <\/div><\/div><\/p><\/div><\/div><!--close column table wrapper. Autoclose: 1 --><\/p>\n\n<style type=\"text\/css\" data-created_by=\"avia_inline_auto\" id=\"style-css-av-av_hr-0688d0b0b6ed2f8b057db7a8270206df\">\n#top .hr.hr-invisible.av-av_hr-0688d0b0b6ed2f8b057db7a8270206df{\nheight:50px;\n}\n<\/style>\n<div  class='hr av-av_hr-0688d0b0b6ed2f8b057db7a8270206df hr-invisible  avia-builder-el-14  el_after_av_one_half  avia-builder-el-last '><span class='hr-inner '><span class=\"hr-inner-style\"><\/span><\/span><\/div>\n","protected":false},"excerpt":{"rendered":"","protected":false},"author":2,"featured_media":0,"parent":0,"menu_order":0,"comment_status":"closed","ping_status":"closed","template":"","meta":{"_vp_format_video_url":"","_vp_image_focal_point":[],"footnotes":""},"class_list":["post-20905","page","type-page","status-publish","hentry"],"_links":{"self":[{"href":"https:\/\/www.goinstyle.se\/barbados\/wp-json\/wp\/v2\/pages\/20905","targetHints":{"allow":["GET"]}}],"collection":[{"href":"https:\/\/www.goinstyle.se\/barbados\/wp-json\/wp\/v2\/pages"}],"about":[{"href":"https:\/\/www.goinstyle.se\/barbados\/wp-json\/wp\/v2\/types\/page"}],"author":[{"embeddable":true,"href":"https:\/\/www.goinstyle.se\/barbados\/wp-json\/wp\/v2\/users\/2"}],"replies":[{"embeddable":true,"href":"https:\/\/www.goinstyle.se\/barbados\/wp-json\/wp\/v2\/comments?post=20905"}],"version-history":[{"count":12,"href":"https:\/\/www.goinstyle.se\/barbados\/wp-json\/wp\/v2\/pages\/20905\/revisions"}],"predecessor-version":[{"id":33342,"href":"https:\/\/www.goinstyle.se\/barbados\/wp-json\/wp\/v2\/pages\/20905\/revisions\/33342"}],"wp:attachment":[{"href":"https:\/\/www.goinstyle.se\/barbados\/wp-json\/wp\/v2\/media?parent=20905"}],"curies":[{"name":"wp","href":"https:\/\/api.w.org\/{rel}","templated":true}]}}