{"id":20708,"date":"2017-03-01T08:39:03","date_gmt":"2017-03-01T08:39:03","guid":{"rendered":"http:\/\/www.goinstyle.se\/?page_id=20708\/"},"modified":"2018-06-28T13:10:01","modified_gmt":"2018-06-28T11:10:01","slug":"om-curacao-2","status":"publish","type":"page","link":"https:\/\/www.goinstyle.se\/curacao\/om-curacao-2\/","title":{"rendered":"Om Curacao"},"content":{"rendered":"\n<style type=\"text\/css\" data-created_by=\"avia_inline_auto\" id=\"style-css-av-av_section-ec0e0c53d2796f9f928c0179a01cc042\">\n.avia-section.av-av_section-ec0e0c53d2796f9f928c0179a01cc042{\nbackground-repeat:no-repeat;\nbackground-image:url(https:\/\/www.goinstyle.se\/wp-content\/uploads\/2017\/03\/curacao_toppbild5-2.jpg);\nbackground-position:50% 0%;\nbackground-attachment:scroll;\n}\n<\/style>\n<div id='av_section_1'  class='avia-section av-av_section-ec0e0c53d2796f9f928c0179a01cc042 main_color avia-section-default avia-no-shadow  avia-builder-el-0  el_before_av_section  avia-builder-el-first  avia-full-stretch avia-bg-style-scroll container_wrap fullsize'  data-section-bg-repeat='stretch'><div class='container av-section-cont-open' ><main  role=\"main\" itemprop=\"mainContentOfPage\"  class='template-page content  av-content-full alpha units'><div class='post-entry post-entry-type-page post-entry-20708'><div class='entry-content-wrapper clearfix'>\n\n<style type=\"text\/css\" data-created_by=\"avia_inline_auto\" id=\"style-css-av-av_hr-a6de236e6c183bbbd700292deacd2b52\">\n#top .hr.hr-invisible.av-av_hr-a6de236e6c183bbbd700292deacd2b52{\nheight:20px;\n}\n<\/style>\n<div  class='hr av-av_hr-a6de236e6c183bbbd700292deacd2b52 hr-invisible  avia-builder-el-1  el_before_av_heading  avia-builder-el-first '><span class='hr-inner '><span class=\"hr-inner-style\"><\/span><\/span><\/div>\n\n<style type=\"text\/css\" data-created_by=\"avia_inline_auto\" id=\"style-css-av-av_heading-f27cbe14f766e1fa39d72cba63af4af2\">\n#top .av-special-heading.av-av_heading-f27cbe14f766e1fa39d72cba63af4af2{\npadding-bottom:10px;\ncolor:#ffffff;\nfont-size:40px;\n}\nbody .av-special-heading.av-av_heading-f27cbe14f766e1fa39d72cba63af4af2 .av-special-heading-tag .heading-char{\nfont-size:25px;\n}\n#top #wrap_all .av-special-heading.av-av_heading-f27cbe14f766e1fa39d72cba63af4af2 .av-special-heading-tag{\nfont-size:40px;\n}\n.av-special-heading.av-av_heading-f27cbe14f766e1fa39d72cba63af4af2 .special-heading-inner-border{\nborder-color:#ffffff;\n}\n.av-special-heading.av-av_heading-f27cbe14f766e1fa39d72cba63af4af2 .av-subheading{\nfont-size:15px;\n}\n\n@media only screen and (min-width: 480px) and (max-width: 767px){ \n#top #wrap_all .av-special-heading.av-av_heading-f27cbe14f766e1fa39d72cba63af4af2 .av-special-heading-tag{\nfont-size:0.8em;\n}\n}\n\n@media only screen and (max-width: 479px){ \n#top #wrap_all .av-special-heading.av-av_heading-f27cbe14f766e1fa39d72cba63af4af2 .av-special-heading-tag{\nfont-size:0.8em;\n}\n}\n<\/style>\n<div  class='av-special-heading av-av_heading-f27cbe14f766e1fa39d72cba63af4af2 av-special-heading-h6 custom-color-heading blockquote modern-quote modern-centered  avia-builder-el-2  el_after_av_hr  avia-builder-el-last  av-inherit-size'><h6 class='av-special-heading-tag '  itemprop=\"headline\"  >Om Curacao<\/h6><div class=\"special-heading-border\"><div class=\"special-heading-inner-border\"><\/div><\/div><\/div>\n\n<\/div><\/div><\/main><!-- close content main element --><\/div><\/div><div id='divbred'  class='avia-section av-av_section-f69f9b9995685ee5a4eaf64d6d9c3d13 main_color avia-section-default avia-no-shadow  avia-builder-el-3  el_after_av_section  el_before_av_one_full  avia-bg-style-scroll container_wrap fullsize'  ><div class='container av-section-cont-open' ><div class='template-page content  av-content-full alpha units'><div class='post-entry post-entry-type-page post-entry-20708'><div class='entry-content-wrapper clearfix'>\n<section  class='av_textblock_section av-av_textblock-0366cc7376be6c9e82a3e9cc8987b64f '   itemscope=\"itemscope\" itemtype=\"https:\/\/schema.org\/CreativeWork\" ><div class='avia_textblock'  itemprop=\"text\" ><pre><code><nav aria-label=\"breadcrumbs\">\n            <div class=\"breadcrumb-container theme1\">\n                <ol>\n                    <li><a title=\"Du \u00e4r h\u00e4r:\" href=\"#\"><span>Du \u00e4r h\u00e4r:<\/span><\/a><span class=\"separator\">\u00bb<\/span><\/li>\n                    <\/ol>\n            <\/div>\n        <\/nav>    <script type=\"application\/ld+json\">\n        {\n            \"@context\": \"http:\/\/schema.org\",\n            \"@type\": \"BreadcrumbList\",\n            \"itemListElement\": [\n                 {\n                            \"@type\": \"ListItem\",\n                            \"position\": 1,\n                            \"item\": {\n                                \"@id\": \"#\",\n                                \"name\": \"Du \u00e4r h\u00e4r:\"\n                            }\n                        }\n                                                    ]\n        }\n    <\/script>\n   \n    <script>\n            <\/script>\n<\/code><\/pre>\n<\/div><\/section>\n<\/div><\/div><\/div><!-- close content main div --><\/div><\/div><div id='after_section_2'  class='main_color av_default_container_wrap container_wrap fullsize'  ><div class='container av-section-cont-open' ><div class='template-page content  av-content-full alpha units'><div class='post-entry post-entry-type-page post-entry-20708'><div class='entry-content-wrapper clearfix'>\n\n<style type=\"text\/css\" data-created_by=\"avia_inline_auto\" id=\"style-css-av-av_one_full-c3f0f78c26a863dc60f14a52019fd8b2\">\n#top .flex_column.av-av_one_full-c3f0f78c26a863dc60f14a52019fd8b2{\nmargin-top:0px;\nmargin-bottom:0px;\n}\n.flex_column.av-av_one_full-c3f0f78c26a863dc60f14a52019fd8b2{\nborder-radius:0px 0px 0px 0px;\npadding:0px 0px 0px 0px;\n}\n.responsive #top #wrap_all .flex_column.av-av_one_full-c3f0f78c26a863dc60f14a52019fd8b2{\nmargin-top:0px;\nmargin-bottom:0px;\n}\n<\/style>\n<div  class='flex_column av-av_one_full-c3f0f78c26a863dc60f14a52019fd8b2 av_one_full  avia-builder-el-5  el_after_av_section  el_before_av_hr  avia-builder-el-first  first flex_column_div av-zero-column-padding  '     ><section  class='av_textblock_section av-av_textblock-0366cc7376be6c9e82a3e9cc8987b64f '   itemscope=\"itemscope\" itemtype=\"https:\/\/schema.org\/CreativeWork\" ><div class='avia_textblock'  itemprop=\"text\" ><h1>Om Curacao<\/h1>\n<p><strong>Resm\u00e5let<\/strong><br \/>\nP\u00e5 Curacao k\u00e4nner du dig snabbt hemmastadd med en sk\u00f6n k\u00e4nsla i alla dina sinnen. H\u00e4r har du en perfekt klimat \u00e5ret runt d\u00e4r luft-och vattentemperaturerna alltid ligger p\u00e5 \u00e5tminstone 27 grader. Curacao utg\u00f6r tillsammans med Aruba och Bonaire de s k ABC-\u00f6arna och ligger skyddat utanf\u00f6r det s k orkanb\u00e4ltet. L\u00e4ngs sydv\u00e4stra kuststr\u00e4ckan finner du de allra flesta str\u00e4nderna och m\u00e5nga h\u00e4rliga hotell. Du finner ocks\u00e5 l\u00e4tt din egen favoritstrand om du tar dig utanf\u00f6r turistomr\u00e5dena. I Willemstad upplever du ett brokigt folkliv i en mycket pittoresk milj\u00f6 med f\u00e4rgglada hus och en stil som ger starka minnen av kolonialtiden.<br \/>\nMed sina givna f\u00f6ruts\u00e4ttningar har Curacao en perfekt milj\u00f6 f\u00f6r dig som vill \u00e4gna dig \u00e5t vattensporter, djuphavsfiske och dykning. Vi \u00e4r s\u00e4kra p\u00e5 att du finner dig v\u00e4l tillr\u00e4tta h\u00e4r oavsett dina semester\u00f6nskem\u00e5l!<\/p>\n<p><strong>Allm\u00e4nt<\/strong><br \/>\nCuracao har en relativt bra ekonomisk st\u00e4llning, d\u00e4r turismen \u00e4r en viktig \u2013 om \u00e4n inte lika dominerande som p\u00e5 andra karibiska \u00f6ar \u2013 del av finanserna. H\u00e4r f\u00e5r man ocks\u00e5 mycket int\u00e4kter fr\u00e5n oljeraffinering och finanstj\u00e4nster, liksom rollen som frizon f\u00f6r exportf\u00f6retag. Jordbruket \u00e4r relativt begr\u00e4nsat.<\/p>\n<p class=\"western\"><strong>N\u00f6jesliv, mat och dryck<\/strong><br \/>\nP\u00e5 Curacao kan man prova p\u00e5 m\u00e5nga ovanliga r\u00e4tter d\u00e5 k\u00f6ket \u00e4r en blandning av \u00f6ns kulturella p\u00e5verkan. Det g\u00f6r ocks\u00e5 restaurangbes\u00f6ken b\u00e5de mer sp\u00e4nnande och intressanta med stora kontraster i kryddningsupplevelser och smak. Kumida Krioyo \u00e4r en av Curacaos specialiteter \u2013 prova det! Generellt finns ett stort utbud av restauranger med mer konventionella och v\u00e4lbekanta r\u00e4tter.<br \/>\nN\u00f6jesliv av olika karakt\u00e4r finns f\u00f6retr\u00e4desvis runt omkring turist-och hotellomr\u00e5dena av b\u00e5de lokal och mer internationell karakt\u00e4r.<\/p>\n<p class=\"western\"><strong>Sol och bad<br \/>\n<\/strong>Curacao har ett stort antal fina str\u00e4nder med fin vit sand. Om du tar dig ut utanf\u00f6r hotellomr\u00e5dena, kan du l\u00e4tt finna din egen privata badvik. Vattnet \u00e4r alltid varmt och sk\u00f6nt med en temperatur p\u00e5 ca 27 grader. Med minst \u00e5tta soltimmar per dag beh\u00f6ver du inte bekymra dig om den. Visst kan man l\u00e4tt kalla Curacao f\u00f6r ett sol&amp;badparadis!<\/p>\n<p class=\"western\"><strong>Sev\u00e4rdheter och aktiviteter<\/strong><br \/>\nI och omkring huvudstaden Willemstad har du ett stort utbud av sev\u00e4rdheter och aktiviteter. Genom stadens historia, finner du m\u00e5nga sp\u00e4nnande minnen fr\u00e5n f\u00f6rr och en vandring i den gamla v\u00e4rldsarvsm\u00e4rkta stadsdelen \u00e4r en upplevelse i sig. I Willemstad finner du ocks\u00e5 museer, mycket handel och ett stort utbud av mindre barer och restauranger d\u00e4r du kan f\u00e5 fina smakinfluenser fr\u00e5n hela v\u00e4rlden.<br \/>\nH\u00e4r finner du ocks\u00e5 ett fantastiskt Sea Aquarium d\u00e4r du kommer m\u00e5nga arter n\u00e4ra och kan \u00e4ven ta en simtur med delfiner.<br \/>\nCuracao har en stor jazzfestival varje \u00e5r i slutet av augusti och b\u00f6rjan av september \u2013 passa p\u00e5 om du \u00e4r p\u00e5 plats d\u00e5!<br \/>\nDet finns en m\u00e4ngd utflyktsturer av olika slag, varav de flesta utg\u00e5r fr\u00e5n Willemstad. Till havs finner du flera olika aktiviteter som djuphavsfiske, dykning och \u00e4ven snorkling, liksom en hel del varierade vattensportaktiviteter l\u00e4ngs kusten. Vi \u00e4r s\u00e4kra p\u00e5 att du f\u00e5r ut precis det du vill av din vistelse h\u00e4r p\u00e5 Curacao!<\/p>\n<p class=\"western\"><strong>Historia<\/strong><br \/>\nCuracao beboddes fr\u00e5n b\u00f6rjan av Arawakindianer och er\u00f6vrades 1634 av Nederl\u00e4nderna som styrt tillvaron d\u00e4r sedan dess. Genom kolonialiseringen byggdes huvudstaden Willemstad upp och utgjorde l\u00e4nge centrum f\u00f6r det Nederl\u00e4ndska V\u00e4stindiska Kompaniet. Sedan 2010 \u00e4r Curacao ett internt sj\u00e4lvstyrande omr\u00e5de inom Kungsriket Nederl\u00e4nderna. Spr\u00e5ket p\u00e5 \u00f6n \u00e4r Papiamento, ett kreolspr\u00e5k baserat p\u00e5 spanska\/portugisiska och med inslag av nederl\u00e4ndska, engelska, arawakindianska och v\u00e4stafrikanska spr\u00e5k.<br \/>\nBefolkningens r\u00f6tter finns mest i V\u00e4stafrika men m\u00e5nga inslag fr\u00e5n Europa, Asien, Latinamerika samt blandade ursprung finns.<br \/>\nHuvudstaden Willemstad \u00e4r ocks\u00e5 upptagen p\u00e5 UNESCOs v\u00e4rldsarvslista sedan 1997.<\/p>\n<p><strong>Yta<\/strong><br \/>\n444 kvadratkilometer<\/p>\n<p><strong>Inv\u00e5nare<\/strong><br \/>\nCa 144000<\/p>\n<p class=\"western\"><strong>Spr\u00e5k<\/strong><br \/>\nPapiamento (blandspr\u00e5k), Nederl\u00e4ndska, Spanska<\/p>\n<p><strong>Huvudstad<\/strong><br \/>\nWillemstad, ca 125000 inv\u00e5nare<\/p>\n<p class=\"western\"><strong>Klimat<\/strong><br \/>\nTropiskt och relativt torrt klimat med stabila snittemperaturer dagtid p\u00e5 27-30 grader och vattentemperaturer mellan 26-29 grader. Antalet soltimmar per dag \u00e4r 8-9 och nederb\u00f6rden kommer i regel som korta och snabbt \u00f6verg\u00e5ende skurar. Curacao \u00e4r mycket l\u00e4mpligt som resm\u00e5l \u00e5ret runt utan de v\u00e4rsta ov\u00e4dren d\u00e5 det ligger utanf\u00f6r det s k orkanb\u00e4ltet.<\/p>\n<p><strong>Valuta<\/strong><br \/>\nAntillergulden. US dollar fungerar bra.<\/p>\n<p class=\"western\"><strong>Kreditkort<\/strong><br \/>\nAlla stora kreditkort accepteras som betalning p\u00e5 hotell, restauranger och de flesta aff\u00e4rer.<\/p>\n<p class=\"western\"><strong>Dricks<\/strong><br \/>\nDet kan variera mellan restauranger, om dricks\/serviceavgift ing\u00e5r eller inte. Om serviceavgift ing\u00e5r, f\u00f6rv\u00e4ntas inte n\u00e5gon ers\u00e4ttning. D\u00e4remot uppskattas sj\u00e4lvklart en slant f\u00f6r en extra bra service. Om serviceavgift inte ing\u00e5r, b\u00f6r du r\u00e4kna med ca 10-15% i dricks.<\/p>\n<p><strong>Tidsskillnad<\/strong><br \/>\n+5 timmar under vinterhalv\u00e5ret och +6 timmar under sommarhalv\u00e5ret, j\u00e4mf\u00f6rt med svensk tid.<\/p>\n<p class=\"western\"><strong>V\u00e4gar, trafik, kommunikation<\/strong><strong><br \/>\n<\/strong>H\u00f6gertrafik. V\u00e4garna \u00e4r av relativt god standard.<\/p>\n<p class=\"western\"><strong>Elektricitet<\/strong><br \/>\n110\/220 volt. Internationell adapter \u00e4r bra att ta med sig.<\/p>\n<p><strong>Lagar och lokala v\u00e4rderingar<\/strong><br \/>\nSom i alla l\u00e4nder finns nationella lagar, v\u00e4rderingar och lokala regler som man som bes\u00f6kare f\u00f6rv\u00e4ntas f\u00f6lja. Varje resen\u00e4r\/bes\u00f6kare har ansvar f\u00f6r att f\u00f6rvissa sig om aktuella f\u00f6rh\u00e5llningsregler och v\u00e4rderingar som ofta kan skilja sig en del mot vad vi \u00e4r vana vid. Vi rekommenderar dig att l\u00e4sa mer om regler, seder och bruk p\u00e5 respektive lands hemsida, samt \u00e4ven p\u00e5 Utrikesdepartementets hemsida med information om resor till utlandet. Dels \u00e4r det sk\u00f6nt att slippa otrevliga \u00f6verraskningar n\u00e4r du v\u00e4l \u00e4r p\u00e5 plats. Dessutom drar du dig l\u00e4rdom av landets kultur och traditioner.<\/p>\n<\/div><\/section><\/div>\n\n<style type=\"text\/css\" data-created_by=\"avia_inline_auto\" id=\"style-css-av-av_hr-0688d0b0b6ed2f8b057db7a8270206df\">\n#top .hr.hr-invisible.av-av_hr-0688d0b0b6ed2f8b057db7a8270206df{\nheight:50px;\n}\n<\/style>\n<div  class='hr av-av_hr-0688d0b0b6ed2f8b057db7a8270206df hr-invisible  avia-builder-el-7  el_after_av_one_full  el_before_av_one_half '><span class='hr-inner '><span class=\"hr-inner-style\"><\/span><\/span><\/div>\n<div class='flex_column_table av-av_one_half-eb22d586db4aa8536998fa6076f87d77 sc-av_one_half av-equal-height-column-flextable'>\n<style type=\"text\/css\" data-created_by=\"avia_inline_auto\" id=\"style-css-av-av_one_half-eb22d586db4aa8536998fa6076f87d77\">\n.flex_column.av-av_one_half-eb22d586db4aa8536998fa6076f87d77{\nborder-radius:0px 0px 0px 0px;\npadding:20px 20px 20px 20px;\nbackground-color:#f7f7f7;\n}\n<\/style>\n<div  class='flex_column av-av_one_half-eb22d586db4aa8536998fa6076f87d77 av_one_half  avia-builder-el-8  el_after_av_hr  el_before_av_one_half  first flex_column_table_cell av-equal-height-column av-align-top  '     ><p>\n<style type=\"text\/css\" data-created_by=\"avia_inline_auto\" id=\"style-css-av-av_heading-5e1bb4e2c977e97b14645873cdebaa13\">\n#top .av-special-heading.av-av_heading-5e1bb4e2c977e97b14645873cdebaa13{\npadding-bottom:10px;\n}\nbody .av-special-heading.av-av_heading-5e1bb4e2c977e97b14645873cdebaa13 .av-special-heading-tag .heading-char{\nfont-size:25px;\n}\n.av-special-heading.av-av_heading-5e1bb4e2c977e97b14645873cdebaa13 .av-subheading{\nfont-size:15px;\n}\n<\/style>\n<div  class='av-special-heading av-av_heading-5e1bb4e2c977e97b14645873cdebaa13 av-special-heading-h3  avia-builder-el-9  el_before_av_iconlist  avia-builder-el-first '><h3 class='av-special-heading-tag '  itemprop=\"headline\"  >Fakta<\/h3><div class=\"special-heading-border\"><div class=\"special-heading-inner-border\"><\/div><\/div><\/div><br \/>\n\n<style type=\"text\/css\" data-created_by=\"avia_inline_auto\" id=\"style-css-av-av_iconlist-999a2d681d06b0992925b5a008e74484\">\n#top .avia-icon-list-container.av-av_iconlist-999a2d681d06b0992925b5a008e74484 .iconlist_icon{\ncolor:#3a3a3a;\nbackground-color:#f7f7f7;\nborder:1px solid #3a3a3a;\n}\n<\/style>\n<div  class='avia-icon-list-container av-av_iconlist-999a2d681d06b0992925b5a008e74484  avia-builder-el-10  el_after_av_heading  avia-builder-el-last '><ul class='avia-icon-list avia_animate_when_almost_visible avia-icon-list-left av-iconlist-big av-av_iconlist-999a2d681d06b0992925b5a008e74484 avia-iconlist-animate'>\n<li><div class='iconlist_icon av-av_iconlist_item-39b279e8171f6829e56095a29a82e327 avia-font-entypo-fontello'><span class='iconlist-char' aria-hidden='true' data-av_icon='\ue84d' data-av_iconfont='entypo-fontello'><\/span><\/div><article class=\"article-icon-entry av-iconlist-empty\"  itemscope=\"itemscope\" itemtype=\"https:\/\/schema.org\/CreativeWork\" ><div class=\"iconlist_content_wrap\"><header class=\"entry-content-header\" aria-label=\"Icon: Visum\"><h4 class='av_iconlist_title iconlist_title  '  itemprop=\"headline\" >Visum<\/h4><\/header><div class='iconlist_content '  itemprop=\"text\" ><\/div><\/div><footer class=\"entry-footer\"><\/footer><\/article><div class=\"iconlist-timeline\"><\/div><\/li>\n<li><div class='iconlist_icon av-av_iconlist_item-e2f1d09a1cbbc00a097234998041fc3d avia-font-entypo-fontello'><span class='iconlist-char' aria-hidden='true' data-av_icon='\ue8cf' data-av_iconfont='entypo-fontello'><\/span><\/div><article class=\"article-icon-entry av-iconlist-empty\"  itemscope=\"itemscope\" itemtype=\"https:\/\/schema.org\/CreativeWork\" ><div class=\"iconlist_content_wrap\"><header class=\"entry-content-header\" aria-label=\"Icon: Valuta\"><h4 class='av_iconlist_title iconlist_title  '  itemprop=\"headline\" >Valuta<\/h4><\/header><div class='iconlist_content '  itemprop=\"text\" ><\/div><\/div><footer class=\"entry-footer\"><\/footer><\/article><div class=\"iconlist-timeline\"><\/div><\/li>\n<li><div class='iconlist_icon av-av_iconlist_item-8d5312078593b0174c29e7a8047add13 avia-font-entypo-fontello'><span class='iconlist-char' aria-hidden='true' data-av_icon='\ue866' data-av_iconfont='entypo-fontello'><\/span><\/div><article class=\"article-icon-entry av-iconlist-empty\"  itemscope=\"itemscope\" itemtype=\"https:\/\/schema.org\/CreativeWork\" ><div class=\"iconlist_content_wrap\"><header class=\"entry-content-header\" aria-label=\"Icon: Klimat\"><h4 class='av_iconlist_title iconlist_title  '  itemprop=\"headline\" >Klimat<\/h4><\/header><div class='iconlist_content '  itemprop=\"text\" ><\/div><\/div><footer class=\"entry-footer\"><\/footer><\/article><div class=\"iconlist-timeline\"><\/div><\/li>\n<\/ul><\/div><\/p><\/div><div class='av-flex-placeholder'><\/div>\n<style type=\"text\/css\" data-created_by=\"avia_inline_auto\" id=\"style-css-av-av_one_half-c99897e014b6ac50785e16af58e9b83d\">\n.flex_column.av-av_one_half-c99897e014b6ac50785e16af58e9b83d{\nborder-radius:0px 0px 0px 0px;\npadding:20px 20px 20px 20px;\nbackground-color:#f7f7f7;\n}\n<\/style>\n<div  class='flex_column av-av_one_half-c99897e014b6ac50785e16af58e9b83d av_one_half  avia-builder-el-11  el_after_av_one_half  el_before_av_hr  flex_column_table_cell av-equal-height-column av-align-top  '     ><p>\n<style type=\"text\/css\" data-created_by=\"avia_inline_auto\" id=\"style-css-av-av_heading-a8f60ef72849b8b0cf4d08e012dead90\">\n#top .av-special-heading.av-av_heading-a8f60ef72849b8b0cf4d08e012dead90{\npadding-bottom:10px;\n}\nbody .av-special-heading.av-av_heading-a8f60ef72849b8b0cf4d08e012dead90 .av-special-heading-tag .heading-char{\nfont-size:25px;\n}\n.av-special-heading.av-av_heading-a8f60ef72849b8b0cf4d08e012dead90 .av-subheading{\nfont-size:15px;\n}\n<\/style>\n<div  class='av-special-heading av-av_heading-a8f60ef72849b8b0cf4d08e012dead90 av-special-heading-h3  avia-builder-el-12  el_before_av_sidebar  avia-builder-el-first '><h3 class='av-special-heading-tag '  itemprop=\"headline\"  >V\u00e4der<\/h3><div class=\"special-heading-border\"><div class=\"special-heading-inner-border\"><\/div><\/div><\/div><br \/>\n<div  class='avia-builder-widget-area clearfix  avia-builder-el-13  el_after_av_heading  avia-builder-el-last '><div id=\"weer_widget-10\" class=\"widget clearfix weer_widget\">\n        <div id=\"\"\n             class=\"weather_widget_wrap weer-widget weather_widget_style1\"\n             data-text-color='#000000'\n             data-background=\"#f7f7f7\"\n             data-width=\"100\"\n             data-header=\"\"\n             data-days=\"3\"\n             data-sunrise=\"false\"\n             data-wind=\"false\"\n             data-current=\"on\"\n             data-language=\"english\"\n             data-city=\"Willemstad\"\n             data-country=\"Cura\u00e7ao\">\n\n            <div class=\"weather_widget_placeholder\"><\/div>\n            <div style=\"font-size: 14px;text-align: center;padding-top: 6px;padding-bottom: 4px;background: rgba(0,0,0,0.03);\">\n                Powered by <a target=\"_blank\" href=\"https:\/\/www.weer1.com\">Weer1.com<\/a>\n            <\/div>\n        <\/div>\n        <\/div><\/div><\/p><\/div><\/div><!--close column table wrapper. Autoclose: 1 --><\/p>\n\n<style type=\"text\/css\" data-created_by=\"avia_inline_auto\" id=\"style-css-av-av_hr-0688d0b0b6ed2f8b057db7a8270206df\">\n#top .hr.hr-invisible.av-av_hr-0688d0b0b6ed2f8b057db7a8270206df{\nheight:50px;\n}\n<\/style>\n<div  class='hr av-av_hr-0688d0b0b6ed2f8b057db7a8270206df hr-invisible  avia-builder-el-14  el_after_av_one_half  avia-builder-el-last '><span class='hr-inner '><span class=\"hr-inner-style\"><\/span><\/span><\/div>\n","protected":false},"excerpt":{"rendered":"","protected":false},"author":2,"featured_media":0,"parent":0,"menu_order":0,"comment_status":"closed","ping_status":"closed","template":"","meta":{"_vp_format_video_url":"","_vp_image_focal_point":[],"footnotes":""},"class_list":["post-20708","page","type-page","status-publish","hentry"],"_links":{"self":[{"href":"https:\/\/www.goinstyle.se\/curacao\/wp-json\/wp\/v2\/pages\/20708","targetHints":{"allow":["GET"]}}],"collection":[{"href":"https:\/\/www.goinstyle.se\/curacao\/wp-json\/wp\/v2\/pages"}],"about":[{"href":"https:\/\/www.goinstyle.se\/curacao\/wp-json\/wp\/v2\/types\/page"}],"author":[{"embeddable":true,"href":"https:\/\/www.goinstyle.se\/curacao\/wp-json\/wp\/v2\/users\/2"}],"replies":[{"embeddable":true,"href":"https:\/\/www.goinstyle.se\/curacao\/wp-json\/wp\/v2\/comments?post=20708"}],"version-history":[{"count":7,"href":"https:\/\/www.goinstyle.se\/curacao\/wp-json\/wp\/v2\/pages\/20708\/revisions"}],"predecessor-version":[{"id":33430,"href":"https:\/\/www.goinstyle.se\/curacao\/wp-json\/wp\/v2\/pages\/20708\/revisions\/33430"}],"wp:attachment":[{"href":"https:\/\/www.goinstyle.se\/curacao\/wp-json\/wp\/v2\/media?parent=20708"}],"curies":[{"name":"wp","href":"https:\/\/api.w.org\/{rel}","templated":true}]}}