{"id":32903,"date":"2018-06-13T11:38:43","date_gmt":"2018-06-13T09:38:43","guid":{"rendered":"http:\/\/www.goinstyle.se\/?page_id=32903"},"modified":"2019-02-20T10:11:08","modified_gmt":"2019-02-20T08:11:08","slug":"om-georgien-2","status":"publish","type":"page","link":"https:\/\/www.goinstyle.se\/georgien\/om-georgien-2\/","title":{"rendered":"Om Georgien"},"content":{"rendered":"\n<style type=\"text\/css\" data-created_by=\"avia_inline_auto\" id=\"style-css-av-av_section-081f10ec71e0740dc8ee4e079d68eea3\">\n.avia-section.av-av_section-081f10ec71e0740dc8ee4e079d68eea3{\nbackground-repeat:no-repeat;\nbackground-image:url(https:\/\/www.goinstyle.se\/wp-content\/uploads\/2018\/07\/georgien_instyle.jpg);\nbackground-position:50% 0%;\nbackground-attachment:scroll;\n}\n<\/style>\n<div id='av_section_1'  class='avia-section av-av_section-081f10ec71e0740dc8ee4e079d68eea3 main_color avia-section-default avia-no-shadow  avia-builder-el-0  el_before_av_section  avia-builder-el-first  avia-full-stretch avia-bg-style-scroll container_wrap fullsize'  data-section-bg-repeat='stretch'><div class='container av-section-cont-open' ><main  role=\"main\" itemprop=\"mainContentOfPage\"  class='template-page content  av-content-full alpha units'><div class='post-entry post-entry-type-page post-entry-32903'><div class='entry-content-wrapper clearfix'>\n\n<style type=\"text\/css\" data-created_by=\"avia_inline_auto\" id=\"style-css-av-av_hr-a6de236e6c183bbbd700292deacd2b52\">\n#top .hr.hr-invisible.av-av_hr-a6de236e6c183bbbd700292deacd2b52{\nheight:20px;\n}\n<\/style>\n<div  class='hr av-av_hr-a6de236e6c183bbbd700292deacd2b52 hr-invisible  avia-builder-el-1  el_before_av_heading  avia-builder-el-first '><span class='hr-inner '><span class=\"hr-inner-style\"><\/span><\/span><\/div>\n\n<style type=\"text\/css\" data-created_by=\"avia_inline_auto\" id=\"style-css-av-av_heading-88f5f7dd03d74778ba4693c8eb4a5316\">\n#top .av-special-heading.av-av_heading-88f5f7dd03d74778ba4693c8eb4a5316{\npadding-bottom:10px;\ncolor:#ffffff;\nfont-size:40px;\n}\nbody .av-special-heading.av-av_heading-88f5f7dd03d74778ba4693c8eb4a5316 .av-special-heading-tag .heading-char{\nfont-size:25px;\n}\n#top #wrap_all .av-special-heading.av-av_heading-88f5f7dd03d74778ba4693c8eb4a5316 .av-special-heading-tag{\nfont-size:40px;\n}\n.av-special-heading.av-av_heading-88f5f7dd03d74778ba4693c8eb4a5316 .special-heading-inner-border{\nborder-color:#ffffff;\n}\n.av-special-heading.av-av_heading-88f5f7dd03d74778ba4693c8eb4a5316 .av-subheading{\nfont-size:15px;\n}\n\n@media only screen and (min-width: 480px) and (max-width: 767px){ \n#top #wrap_all .av-special-heading.av-av_heading-88f5f7dd03d74778ba4693c8eb4a5316 .av-special-heading-tag{\nfont-size:0.8em;\n}\n}\n\n@media only screen and (max-width: 479px){ \n#top #wrap_all .av-special-heading.av-av_heading-88f5f7dd03d74778ba4693c8eb4a5316 .av-special-heading-tag{\nfont-size:0.8em;\n}\n}\n<\/style>\n<div  class='av-special-heading av-av_heading-88f5f7dd03d74778ba4693c8eb4a5316 av-special-heading-h6 custom-color-heading blockquote modern-quote modern-centered  avia-builder-el-2  el_after_av_hr  avia-builder-el-last  av-inherit-size'><h6 class='av-special-heading-tag '  itemprop=\"headline\"  >Om Georgien<\/h6><div class=\"special-heading-border\"><div class=\"special-heading-inner-border\"><\/div><\/div><\/div>\n\n<\/div><\/div><\/main><!-- close content main element --><\/div><\/div><div id='divbred'  class='avia-section av-av_section-f69f9b9995685ee5a4eaf64d6d9c3d13 main_color avia-section-default avia-no-shadow  avia-builder-el-3  el_after_av_section  el_before_av_one_full  avia-bg-style-scroll container_wrap fullsize'  ><div class='container av-section-cont-open' ><div class='template-page content  av-content-full alpha units'><div class='post-entry post-entry-type-page post-entry-32903'><div class='entry-content-wrapper clearfix'>\n<section  class='av_textblock_section av-av_textblock-0366cc7376be6c9e82a3e9cc8987b64f '   itemscope=\"itemscope\" itemtype=\"https:\/\/schema.org\/CreativeWork\" ><div class='avia_textblock'  itemprop=\"text\" ><pre><code><nav aria-label=\"breadcrumbs\">\n            <div class=\"breadcrumb-container theme1\">\n                <ol>\n                    <li><a title=\"Du \u00e4r h\u00e4r:\" href=\"#\"><span>Du \u00e4r h\u00e4r:<\/span><\/a><span class=\"separator\">\u00bb<\/span><\/li>\n                    <\/ol>\n            <\/div>\n        <\/nav>    <script type=\"application\/ld+json\">\n        {\n            \"@context\": \"http:\/\/schema.org\",\n            \"@type\": \"BreadcrumbList\",\n            \"itemListElement\": [\n                 {\n                            \"@type\": \"ListItem\",\n                            \"position\": 1,\n                            \"item\": {\n                                \"@id\": \"#\",\n                                \"name\": \"Du \u00e4r h\u00e4r:\"\n                            }\n                        }\n                                                    ]\n        }\n    <\/script>\n   \n    <script>\n            <\/script>\n<\/code><\/pre>\n<\/div><\/section>\n<\/div><\/div><\/div><!-- close content main div --><\/div><\/div><div id='after_section_2'  class='main_color av_default_container_wrap container_wrap fullsize'  ><div class='container av-section-cont-open' ><div class='template-page content  av-content-full alpha units'><div class='post-entry post-entry-type-page post-entry-32903'><div class='entry-content-wrapper clearfix'>\n\n<style type=\"text\/css\" data-created_by=\"avia_inline_auto\" id=\"style-css-av-av_one_full-c3f0f78c26a863dc60f14a52019fd8b2\">\n#top .flex_column.av-av_one_full-c3f0f78c26a863dc60f14a52019fd8b2{\nmargin-top:0px;\nmargin-bottom:0px;\n}\n.flex_column.av-av_one_full-c3f0f78c26a863dc60f14a52019fd8b2{\nborder-radius:0px 0px 0px 0px;\npadding:0px 0px 0px 0px;\n}\n.responsive #top #wrap_all .flex_column.av-av_one_full-c3f0f78c26a863dc60f14a52019fd8b2{\nmargin-top:0px;\nmargin-bottom:0px;\n}\n<\/style>\n<div  class='flex_column av-av_one_full-c3f0f78c26a863dc60f14a52019fd8b2 av_one_full  avia-builder-el-5  el_after_av_section  el_before_av_hr  avia-builder-el-first  first flex_column_div av-zero-column-padding  '     ><section  class='av_textblock_section av-av_textblock-0366cc7376be6c9e82a3e9cc8987b64f '   itemscope=\"itemscope\" itemtype=\"https:\/\/schema.org\/CreativeWork\" ><div class='avia_textblock'  itemprop=\"text\" ><p><b>Resm\u00e5let<br \/>\n<\/b>H\u00e4r k\u00e4nner du historiens vingslag s\u00e5 fort du tar mark. V\u00e4lkommen till det kontrastfylld och fascinerande Georgien som utg\u00f6r en gr\u00e4ns mellan Europa och Asien &#8211; s\u00e5v\u00e4l geografiskt som kulturellt. Bland det f\u00f6rsta du sl\u00e5s av, \u00e4r den p\u00e5tagliga gr\u00f6nskan som troligtvis blir dig trogen redan igenom. Historiskt har landet varit ockuperat av m\u00e5nga l\u00e4nder, varav sen senaste l\u00e4ngre tidsrymden av Sovjetunionen fram till dess fall d\u00e5 Georgien blev ett sj\u00e4lvst\u00e4ndigt land igen.<\/p>\n<p>H\u00e4r finner du allt fr\u00e5n l\u00e5gl\u00e4nt terr\u00e4ng i v\u00e4ster som slutar vid Svarta Havets \u00f6stra kust och ju l\u00e4ngre \u00f6sterut du kommer, desto mer p\u00e5tagligt blir berg och dalar som p\u00e5minner om att Himalaya inte \u00e4r bel\u00e4get alltf\u00f6r l\u00e5ngt h\u00e4rifr\u00e5n.<\/p>\n<p>V\u00e5ra valda destinationer Tbilisi och Kazbegi ger dig fina variationer, d\u00e4r Tbilisi som huvudstad med en sp\u00e4nnande arkitektur och historik ger dig best\u00e5ende intryck och Kazbegi i bergen norr o staden, ger dig naturupplevelser med natur, vyer och intryck som du inte gl\u00f6mmer!<br \/>\nGeorgien \u00e4r perfekt f\u00f6r dig som vill uppleva natur, kultur och milj\u00f6, samt \u00e4r fascinerad av m\u00e4nniskor som m\u00e5lmedvetet och envist k\u00e4mpar och str\u00e4var f\u00f6r sin egen identitet, kultur och tradition.<\/p>\n<p><b>Mat och dryck<br \/>\n<\/b>Georgien bjuder dig p\u00e5 en hel del sp\u00e4nnande matr\u00e4tter med egen profil, som s\u00e4kert \u00f6ppnar dina kulinariska \u00f6gon p\u00e5 ett v\u00e4lkomnande s\u00e4tt! H\u00e4r \u00e4r kryddor och \u00f6rter ett ofta \u00e5terkommande inslag i vad du \u00e4n \u00e4ter. Du finner ut\u00f6ver k\u00f6ttr\u00e4tter, ett stort utbud av vegetariska l\u00e4ckerheter. Bland de fr\u00e4msta Georgiska r\u00e4tterna finns t ex <i>Chatjapuri<\/i> &#8211; som \u00e4r ett fyllt br\u00f6d d\u00e4r ost \u00e4r huvudingrediens, men inneh\u00e5ller i regel \u00e4ven \u00e4gg och andra ingredienser som kan variera lokalt. <i>Chinkali<\/i> \u00e4r en annan starkt traditionell r\u00e4tt som best\u00e5r av knyten av pastaliknande deg som fylls med ost, svamp eller k\u00f6tt, som \u00e4r vanligast. <i>Tjanachi<\/i> \u00e4r en starkt traditionell k\u00f6ttgryta (oftast lamm) som kokas l\u00e5ngsamt tillsammans med gr\u00f6nsaker som l\u00f6k, aubergine, vitl\u00f6k och potatis. Serveras traditionellt med ris p\u00e5 lerfat.<br \/>\nM\u00e5nga andra sp\u00e4nnande anr\u00e4ttningar v\u00e4ntar dig, liksom br\u00f6d i olika former och smakvariationer. V\u00e4lkommen p\u00e5 en smakbit av Georgien!<\/p>\n<p><b>Sev\u00e4rdheter och aktiviteter<br \/>\n<\/b>Med sin m\u00e5ngfacetterade och brokiga historia, erbjuder Georgien en m\u00e4ngd historiska byggnadsminnen och monument. Bland de som ligger i topp p\u00e5 bes\u00f6kslistan, hittar du t ex i staden Kutaisi, <i>Bagratikatedralen<\/i> fr\u00e5n 1000-talet som anses vara ett m\u00e4sterverk i medeltida arkitektur. <i>Uplistsiche<\/i> \u00e4r en fantastisk grottstad i \u00f6stra Georgien utanf\u00f6r staden Gori och \u00e4r byggd i bergen p\u00e5 en sluttning till floden Mtkvari. En upplevelse! I Tbilisi finner du ocks\u00e5 en m\u00e4ngd platser och byggnader att imponeras av och \u00e4ven h\u00e4pna \u00f6ver. Det finns mycket att beskriva och f\u00f6r den som \u00e4r uppt\u00e4ckts- och \u00e4ventyrslysten erbjuder Georgien en aldrig sinande str\u00f6m av uppt\u00e4ckter och upplevelser.<span class=\"Apple-converted-space\">\u00a0<\/span><\/p>\n<p>Du som s\u00f6ker upplevelser med lite fysiska insag, blir inte heller besviken. H\u00e4r finner du en storlagen skid\u00e5kning i <i>Gudauri<\/i>, som erbjuder utf\u00f6rs\u00e5kning av alla sv\u00e5righetsgrader och full uthyrningsservice, vandringsturer med varierande utmattningsfaktor och mycket mer i naturv\u00e4g.<\/p>\n<p><b>Historia<br \/>\n<\/b>Georgiens historia \u00e4r brokig och fylld av f\u00f6r\u00e4ndringar och h\u00e4ndelser av politisk karakt\u00e4r som p\u00e5verkat Georgierna i m\u00e5ngt och mycket, men inte rubbat Georgiernas starka tro p\u00e5 sitt ursprung. I delar av dagens Georgien fanns georgiska folkgrupper s\u00e5 tidigt som omkring 1000 \u00e5r f\u00f6re v\u00e5r tider\u00e4kning. P\u00e5 500-talet splittrades riket till mindre furstend\u00f6men pga maktkampen mellan \u00d6strom\/Bysans och persiska furstar.<br \/>\nUnder 1100- och f\u00f6rsta halvan av 1200-talet var landet enat och upplevde en blomstrande period tills landet blev invaderat av mongoler. De kommande ca 300 \u00e5ren tvingades man domineras av s\u00e5v\u00e4l turkiskt som persiskt styre tills man p\u00e5 1700-talet upplevde ljuset av en kulturell, ekonomisk och intellektuell ren\u00e4ssans med \u00f6kad handel mm.<br \/>\nTiden d\u00e4refter fram till 1917, blev Georgien i princip en rysk provins efter att ha inf\u00f6rlivats som en f\u00f6ljd av att bli beskyddade av Ryssland f\u00f6r turkiskt inflytande. Den korta frig\u00f6relsen n\u00e4r det gamla ryska imperiet f\u00f6ll samman, avslutades snabbt n\u00e4r R\u00f6da Armen invaderade Georgien 1921 och inf\u00f6rlivades med Sovjetunionen. F\u00f6rst 1990 h\u00f6lls det f\u00f6rsta flerpartivalet som befolkningen tvingat fram under den lite mindre restriktiva sovjetregimen under Gorbatjov. 1991 r\u00f6stade man med stark majoritet f\u00f6r en sj\u00e4lvst\u00e4ndighet och i april samma \u00e5r utropades Georgien till en sj\u00e4lvst\u00e4ndig stat.<\/p>\n<p><strong>Yta<\/strong><br \/>\n69700 kvadratkilometer<\/p>\n<p><strong>Inv\u00e5nare<\/strong><br \/>\nca 3,7 miljoner inv\u00e5nare (2016)<\/p>\n<p><strong>Spr\u00e5k<\/strong><br \/>\nGeorgiska, Ryska och minoritetsspr\u00e5k<\/p>\n<p><strong>Huvudstad<\/strong><br \/>\nTbilisi 1,1 miljoner inv\u00e5nare<\/p>\n<p><strong>Klimat<\/strong><br \/>\nKlimatet skiljer sig i olika landsdelar, med milt och fuktigt klimat i de v\u00e4stra delarna mot Svartahavskusten och sl\u00e4tterna. I \u00f6stra delarna r\u00e5der ett torrare klimat med varma somrar och kalla vintrar. I bergsomr\u00e5denas h\u00f6gre delar ligger topparna sn\u00f6kl\u00e4dda \u00e5ret runt.<\/p>\n<p><strong>Valuta<\/strong><br \/>\nGeorgiska Lari (GEL)<\/p>\n<p><strong>Kreditkort<\/strong><br \/>\nDe vanliga\/st\u00f6rre kreditkorten som Visa och MasterCard fungerar p\u00e5 de st\u00f6rre hotellen, restauranger och vissa butiker. Det finns gott om uttagsautomater f\u00f6r kontanter och \u00e4ven v\u00e4xlingskontor f\u00f6r kontanter \u2013 f\u00f6retr\u00e4desvis US Dollar, Euro och Rubel.<\/p>\n<p><strong>Dricks<\/strong><br \/>\nH\u00e4r till\u00e4mpar man principen att runda av t ex taxi eller restaurangnotan till n\u00e4rmaste 10 Lari.<\/p>\n<p><strong>Tidsskillnad<\/strong><br \/>\n+2 timmar j\u00e4mf\u00f6rt med svensk tid.<\/p>\n<p><strong>V\u00e4gar, trafik<\/strong><br \/>\nTrafik och gatumilj\u00f6 \u00e4r l\u00e5ngt fr\u00e5n svensk standard. I de st\u00f6rre st\u00e4derna \u00e4r trafiken livlig och lite st\u00f6kig. Gatubelysning \u00e4r ovanligt utanf\u00f6r st\u00e4derna. R\u00e4kna ocks\u00e5 med att bilar, bussar mm h\u00e5ller en klart l\u00e4gre standard \u00e4n vi \u00e4r vana vid. F\u00f6r resor utanf\u00f6r Tbilisi rekommenderas planering f\u00f6r f\u00e4rd under dagtid.<\/p>\n<p><strong>Elektricitet<\/strong><br \/>\n220 V. Stickkontakter av europeisk standard.<\/p>\n<p><strong>Lagar och lokala v\u00e4rderingar<\/strong><br \/>\nI Georgien finns ingen s\u00e4rskild kl\u00e4dkod, men vid bes\u00f6k av kyrkor etc, anbefalls kl\u00e4der med t\u00e4ckta armar och ben f\u00f6r att visa respekt f\u00f6r de lokala principerna.<br \/>\nVarje resen\u00e4r\/bes\u00f6kare har ansvar f\u00f6r att f\u00f6rvissa sig om aktuella f\u00f6rh\u00e5llningsregler och v\u00e4rderingar som ofta kan skilja sig en del mot vad vi \u00e4r vana vid. Vi rekommenderar dig att l\u00e4sa mer om regler, seder och bruk p\u00e5 respektive lands hemsida, samt \u00e4ven p\u00e5 Utrikesdepartementets hemsida med information om resor till utlandet. Dels \u00e4r det sk\u00f6nt att slippa otrevliga \u00f6verraskningar p\u00e5 plats &#8211; dessutom drar du dig l\u00e4rdom av landets kultur och traditioner.<\/p>\n<\/div><\/section><\/div>\n<style type=\"text\/css\" data-created_by=\"avia_inline_auto\" id=\"style-css-av-av_hr-0688d0b0b6ed2f8b057db7a8270206df\">\n#top .hr.hr-invisible.av-av_hr-0688d0b0b6ed2f8b057db7a8270206df{\nheight:50px;\n}\n<\/style>\n<div  class='hr av-av_hr-0688d0b0b6ed2f8b057db7a8270206df hr-invisible  avia-builder-el-7  el_after_av_one_full  el_before_av_one_half '><span class='hr-inner '><span class=\"hr-inner-style\"><\/span><\/span><\/div><\/p>\n<div class='flex_column_table av-av_one_half-eb22d586db4aa8536998fa6076f87d77 sc-av_one_half av-equal-height-column-flextable'>\n<style type=\"text\/css\" data-created_by=\"avia_inline_auto\" id=\"style-css-av-av_one_half-eb22d586db4aa8536998fa6076f87d77\">\n.flex_column.av-av_one_half-eb22d586db4aa8536998fa6076f87d77{\nborder-radius:0px 0px 0px 0px;\npadding:20px 20px 20px 20px;\nbackground-color:#f7f7f7;\n}\n<\/style>\n<div  class='flex_column av-av_one_half-eb22d586db4aa8536998fa6076f87d77 av_one_half  avia-builder-el-8  el_after_av_hr  el_before_av_one_half  first flex_column_table_cell av-equal-height-column av-align-top  '     ><p>\n<style type=\"text\/css\" data-created_by=\"avia_inline_auto\" id=\"style-css-av-av_heading-5e1bb4e2c977e97b14645873cdebaa13\">\n#top .av-special-heading.av-av_heading-5e1bb4e2c977e97b14645873cdebaa13{\npadding-bottom:10px;\n}\nbody .av-special-heading.av-av_heading-5e1bb4e2c977e97b14645873cdebaa13 .av-special-heading-tag .heading-char{\nfont-size:25px;\n}\n.av-special-heading.av-av_heading-5e1bb4e2c977e97b14645873cdebaa13 .av-subheading{\nfont-size:15px;\n}\n<\/style>\n<div  class='av-special-heading av-av_heading-5e1bb4e2c977e97b14645873cdebaa13 av-special-heading-h3  avia-builder-el-9  el_before_av_iconlist  avia-builder-el-first '><h3 class='av-special-heading-tag '  itemprop=\"headline\"  >Fakta<\/h3><div class=\"special-heading-border\"><div class=\"special-heading-inner-border\"><\/div><\/div><\/div><br \/>\n\n<style type=\"text\/css\" data-created_by=\"avia_inline_auto\" id=\"style-css-av-av_iconlist-999a2d681d06b0992925b5a008e74484\">\n#top .avia-icon-list-container.av-av_iconlist-999a2d681d06b0992925b5a008e74484 .iconlist_icon{\ncolor:#3a3a3a;\nbackground-color:#f7f7f7;\nborder:1px solid #3a3a3a;\n}\n<\/style>\n<div  class='avia-icon-list-container av-av_iconlist-999a2d681d06b0992925b5a008e74484  avia-builder-el-10  el_after_av_heading  avia-builder-el-last '><ul class='avia-icon-list avia_animate_when_almost_visible avia-icon-list-left av-iconlist-big av-av_iconlist-999a2d681d06b0992925b5a008e74484 avia-iconlist-animate'>\n<li><div class='iconlist_icon av-av_iconlist_item-39b279e8171f6829e56095a29a82e327 avia-font-entypo-fontello'><span class='iconlist-char' aria-hidden='true' data-av_icon='\ue84d' data-av_iconfont='entypo-fontello'><\/span><\/div><article class=\"article-icon-entry \"  itemscope=\"itemscope\" itemtype=\"https:\/\/schema.org\/CreativeWork\" ><div class=\"iconlist_content_wrap\"><header class=\"entry-content-header\" aria-label=\"Icon: Visum\"><h4 class='av_iconlist_title iconlist_title  '  itemprop=\"headline\" >Visum<\/h4><\/header><div class='iconlist_content '  itemprop=\"text\" ><p>Visum beh\u00f6vs inte f\u00f6r svenska medborgare. Passet skall vara giltigt minst sex m\u00e5nader efter planerad hemresa.<em><br \/>\n<\/em><\/p>\n<\/div><\/div><footer class=\"entry-footer\"><\/footer><\/article><div class=\"iconlist-timeline\"><\/div><\/li>\n<li><div class='iconlist_icon av-av_iconlist_item-e2f1d09a1cbbc00a097234998041fc3d avia-font-entypo-fontello'><span class='iconlist-char' aria-hidden='true' data-av_icon='\ue8cf' data-av_iconfont='entypo-fontello'><\/span><\/div><article class=\"article-icon-entry \"  itemscope=\"itemscope\" itemtype=\"https:\/\/schema.org\/CreativeWork\" ><div class=\"iconlist_content_wrap\"><header class=\"entry-content-header\" aria-label=\"Icon: Valuta\"><h4 class='av_iconlist_title iconlist_title  '  itemprop=\"headline\" >Valuta<\/h4><\/header><div class='iconlist_content '  itemprop=\"text\" ><p><em>Valuta: <\/em>Lari (GEL)<\/p>\n<\/div><\/div><footer class=\"entry-footer\"><\/footer><\/article><div class=\"iconlist-timeline\"><\/div><\/li>\n<li><div class='iconlist_icon av-av_iconlist_item-8d5312078593b0174c29e7a8047add13 avia-font-entypo-fontello'><span class='iconlist-char' aria-hidden='true' data-av_icon='\ue866' data-av_iconfont='entypo-fontello'><\/span><\/div><article class=\"article-icon-entry \"  itemscope=\"itemscope\" itemtype=\"https:\/\/schema.org\/CreativeWork\" ><div class=\"iconlist_content_wrap\"><header class=\"entry-content-header\" aria-label=\"Icon: Klimat\"><h4 class='av_iconlist_title iconlist_title  '  itemprop=\"headline\" >Klimat<\/h4><\/header><div class='iconlist_content '  itemprop=\"text\" ><p><em>Klimat:<\/em> I v\u00e4stra delarna mot Svartahavskusten r\u00e5der ett milt och lite fuktigare klimat. De \u00f6stra delarna har ett torrt inlandsklimat med varma somrar och kalla vintrar.<em><br \/>\n<\/em><\/p>\n<\/div><\/div><footer class=\"entry-footer\"><\/footer><\/article><div class=\"iconlist-timeline\"><\/div><\/li>\n<\/ul><\/div><\/p><\/div>\n<div class='av-flex-placeholder'><\/div>\n<style type=\"text\/css\" data-created_by=\"avia_inline_auto\" id=\"style-css-av-av_one_half-c99897e014b6ac50785e16af58e9b83d\">\n.flex_column.av-av_one_half-c99897e014b6ac50785e16af58e9b83d{\nborder-radius:0px 0px 0px 0px;\npadding:20px 20px 20px 20px;\nbackground-color:#f7f7f7;\n}\n<\/style>\n<div  class='flex_column av-av_one_half-c99897e014b6ac50785e16af58e9b83d av_one_half  avia-builder-el-11  el_after_av_one_half  avia-builder-el-last  flex_column_table_cell av-equal-height-column av-align-top  '     ><p>\n<style type=\"text\/css\" data-created_by=\"avia_inline_auto\" id=\"style-css-av-av_heading-a8f60ef72849b8b0cf4d08e012dead90\">\n#top .av-special-heading.av-av_heading-a8f60ef72849b8b0cf4d08e012dead90{\npadding-bottom:10px;\n}\nbody .av-special-heading.av-av_heading-a8f60ef72849b8b0cf4d08e012dead90 .av-special-heading-tag .heading-char{\nfont-size:25px;\n}\n.av-special-heading.av-av_heading-a8f60ef72849b8b0cf4d08e012dead90 .av-subheading{\nfont-size:15px;\n}\n<\/style>\n<div  class='av-special-heading av-av_heading-a8f60ef72849b8b0cf4d08e012dead90 av-special-heading-h3  avia-builder-el-12  el_before_av_sidebar  avia-builder-el-first '><h3 class='av-special-heading-tag '  itemprop=\"headline\"  >V\u00e4der<\/h3><div class=\"special-heading-border\"><div class=\"special-heading-inner-border\"><\/div><\/div><\/div><br \/>\n<div  class='avia-builder-widget-area clearfix  avia-builder-el-13  el_after_av_heading  avia-builder-el-last '><div id=\"weer_widget-15\" class=\"widget clearfix weer_widget\">\n        <div id=\"\"\n             class=\"weather_widget_wrap weer-widget weather_widget_style1\"\n             data-text-color='#000000'\n             data-background=\"#f7f7f7\"\n             data-width=\"100\"\n             data-header=\"\"\n             data-days=\"3\"\n             data-sunrise=\"false\"\n             data-wind=\"false\"\n             data-current=\"on\"\n             data-language=\"english\"\n             data-city=\"Tbilisi\"\n             data-country=\"Georgia\">\n\n            <div class=\"weather_widget_placeholder\"><\/div>\n            <div style=\"font-size: 14px;text-align: center;padding-top: 6px;padding-bottom: 4px;background: rgba(0,0,0,0.03);\">\n                Powered by <a target=\"_blank\" href=\"https:\/\/www.weer1.com\">Weer1.com<\/a>\n            <\/div>\n        <\/div>\n        <\/div><\/div><\/p><\/div><\/div><!--close column table wrapper. Autoclose: 1 -->\n","protected":false},"excerpt":{"rendered":"","protected":false},"author":2,"featured_media":0,"parent":0,"menu_order":0,"comment_status":"closed","ping_status":"closed","template":"","meta":{"_vp_format_video_url":"","_vp_image_focal_point":[],"footnotes":""},"class_list":["post-32903","page","type-page","status-publish","hentry"],"_links":{"self":[{"href":"https:\/\/www.goinstyle.se\/georgien\/wp-json\/wp\/v2\/pages\/32903","targetHints":{"allow":["GET"]}}],"collection":[{"href":"https:\/\/www.goinstyle.se\/georgien\/wp-json\/wp\/v2\/pages"}],"about":[{"href":"https:\/\/www.goinstyle.se\/georgien\/wp-json\/wp\/v2\/types\/page"}],"author":[{"embeddable":true,"href":"https:\/\/www.goinstyle.se\/georgien\/wp-json\/wp\/v2\/users\/2"}],"replies":[{"embeddable":true,"href":"https:\/\/www.goinstyle.se\/georgien\/wp-json\/wp\/v2\/comments?post=32903"}],"version-history":[{"count":9,"href":"https:\/\/www.goinstyle.se\/georgien\/wp-json\/wp\/v2\/pages\/32903\/revisions"}],"predecessor-version":[{"id":36601,"href":"https:\/\/www.goinstyle.se\/georgien\/wp-json\/wp\/v2\/pages\/32903\/revisions\/36601"}],"wp:attachment":[{"href":"https:\/\/www.goinstyle.se\/georgien\/wp-json\/wp\/v2\/media?parent=32903"}],"curies":[{"name":"wp","href":"https:\/\/api.w.org\/{rel}","templated":true}]}}