{"id":39874,"date":"2016-11-24T12:41:41","date_gmt":"2016-11-24T12:41:41","guid":{"rendered":"http:\/\/www.goinstyle.se\/om-instyle\/"},"modified":"2020-04-16T11:35:21","modified_gmt":"2020-04-16T09:35:21","slug":"om-instyle","status":"publish","type":"page","link":"https:\/\/www.goinstyle.se\/italien\/om-instyle\/","title":{"rendered":"Om InStyle"},"content":{"rendered":"\n<style type=\"text\/css\" data-created_by=\"avia_inline_auto\" id=\"style-css-av-av_section-808d6e8f442c1355fefc421cb9197b84\">\n.avia-section.av-av_section-808d6e8f442c1355fefc421cb9197b84{\nbackground-repeat:no-repeat;\nbackground-image:url(https:\/\/www.goinstyle.se\/wp-content\/uploads\/2015\/03\/Andiamo_Bistro.jpg);\nbackground-position:50% 0%;\nbackground-attachment:scroll;\n}\n<\/style>\n<div id='av_section_1'  class='avia-section av-av_section-808d6e8f442c1355fefc421cb9197b84 main_color avia-section-default avia-no-shadow  avia-builder-el-0  el_before_av_one_half  avia-builder-el-first  avia-full-stretch avia-bg-style-scroll container_wrap fullsize'  data-section-bg-repeat='stretch'><div class='container av-section-cont-open' ><main  role=\"main\" itemprop=\"mainContentOfPage\"  class='template-page content  av-content-full alpha units'><div class='post-entry post-entry-type-page post-entry-39874'><div class='entry-content-wrapper clearfix'>\n\n<style type=\"text\/css\" data-created_by=\"avia_inline_auto\" id=\"style-css-av-av_hr-a6de236e6c183bbbd700292deacd2b52\">\n#top .hr.hr-invisible.av-av_hr-a6de236e6c183bbbd700292deacd2b52{\nheight:20px;\n}\n<\/style>\n<div  class='hr av-av_hr-a6de236e6c183bbbd700292deacd2b52 hr-invisible  avia-builder-el-1  el_before_av_heading  avia-builder-el-first '><span class='hr-inner '><span class=\"hr-inner-style\"><\/span><\/span><\/div>\n\n<style type=\"text\/css\" data-created_by=\"avia_inline_auto\" id=\"style-css-av-av_heading-dcd2148195d0081292edd83f4c3a2d5c\">\n#top .av-special-heading.av-av_heading-dcd2148195d0081292edd83f4c3a2d5c{\npadding-bottom:10px;\ncolor:#ffffff;\nfont-size:40px;\n}\nbody .av-special-heading.av-av_heading-dcd2148195d0081292edd83f4c3a2d5c .av-special-heading-tag .heading-char{\nfont-size:25px;\n}\n#top #wrap_all .av-special-heading.av-av_heading-dcd2148195d0081292edd83f4c3a2d5c .av-special-heading-tag{\nfont-size:40px;\n}\n.av-special-heading.av-av_heading-dcd2148195d0081292edd83f4c3a2d5c .special-heading-inner-border{\nborder-color:#ffffff;\n}\n.av-special-heading.av-av_heading-dcd2148195d0081292edd83f4c3a2d5c .av-subheading{\nfont-size:15px;\n}\n\n@media only screen and (min-width: 480px) and (max-width: 767px){ \n#top #wrap_all .av-special-heading.av-av_heading-dcd2148195d0081292edd83f4c3a2d5c .av-special-heading-tag{\nfont-size:0.8em;\n}\n}\n\n@media only screen and (max-width: 479px){ \n#top #wrap_all .av-special-heading.av-av_heading-dcd2148195d0081292edd83f4c3a2d5c .av-special-heading-tag{\nfont-size:0.8em;\n}\n}\n<\/style>\n<div  class='av-special-heading av-av_heading-dcd2148195d0081292edd83f4c3a2d5c av-special-heading-h6 custom-color-heading blockquote modern-quote modern-centered  avia-builder-el-2  el_after_av_hr  avia-builder-el-last  av-inherit-size'><h6 class='av-special-heading-tag '  itemprop=\"headline\"  >Om Go InStyle<\/h6><div class=\"special-heading-border\"><div class=\"special-heading-inner-border\"><\/div><\/div><\/div>\n<\/div><\/div><\/main><!-- close content main element --><\/div><\/div><div id='after_section_1'  class='main_color av_default_container_wrap container_wrap fullsize'  ><div class='container av-section-cont-open' ><div class='template-page content  av-content-full alpha units'><div class='post-entry post-entry-type-page post-entry-39874'><div class='entry-content-wrapper clearfix'>\n\n<style type=\"text\/css\" data-created_by=\"avia_inline_auto\" id=\"style-css-av-av_one_half-6126cab7d8fab8d08143dd2dacdf673c\">\n.flex_column.av-av_one_half-6126cab7d8fab8d08143dd2dacdf673c{\nborder-radius:0px 0px 0px 0px;\npadding:0px 0px 0px 0px;\n}\n<\/style>\n<div  class='flex_column av-av_one_half-6126cab7d8fab8d08143dd2dacdf673c av_one_half  avia-builder-el-3  el_after_av_section  el_before_av_one_half  avia-builder-el-first  first flex_column_div av-zero-column-padding  '     ><section  class='av_textblock_section av-av_textblock-0366cc7376be6c9e82a3e9cc8987b64f '   itemscope=\"itemscope\" itemtype=\"https:\/\/schema.org\/CreativeWork\" ><div class='avia_textblock'  itemprop=\"text\" ><p>V\u00e4lkommen till Go InStyle &#8211; en sp\u00e4nnande researrang\u00f6r som s\u00e4tter kvalitet och upplevelse i fr\u00e4msta rummet. Vi har under st\u00f6rre delen av livet \u00a0jobbat med resor och har byggt upp mycket kunskap och erfarenhet. Vi tror oss ha\u00a0f\u00f6rm\u00e5gan att f\u00f6rst\u00e5 dina behov och \u00f6nskem\u00e5l f\u00f6r att hitta det d\u00e4r lilla extra du s\u00f6ker f\u00f6r dina reseupplevelser. Genom ypperlig personlig service, all v\u00e5r erfarenhet och v\u00e5ra kontakter, ska vi erbjuda dig de b\u00e4sta resm\u00e5len, det b\u00e4sta boendet och de mest unika reseupplevelserna.<\/p>\n<p class=\"p1\"><span class=\"s1\">Vi fokuserar p\u00e5 \u00f6ar i huvudsakligen Karibien och Indiska Oceanen, samt kryssningar med fokus p\u00e5 ett lite smalare och exklusivt urval. Efterhand utvecklar vi utbudet med flera intresseomr\u00e5den. Golf InStyle och andra livsstilsv\u00e4rderade produkter finns i v\u00e5rt sikte!\u00a0<\/span><\/p>\n<p class=\"p1\"><span class=\"s1\">V\u00e5r ambition \u00e4r att erbjuda dig\u00a0destinationer och boenden som h\u00e5ller en individuell och h\u00f6g niv\u00e5 &#8211; g\u00e4rna unika, mindre hotell, men ocks\u00e5 etablerade lyxhotell med extraordin\u00e4r profil och milj\u00f6. Vi skiljer helt enkelt agnarna fr\u00e5n vetet med p\u00e4rlor som ger dig det lilla extra &#8211; det \u00e4r GoInStyle!<br \/>\n<\/span><span class=\"s1\">F\u00f6r att du skall f\u00e5 en bra uppfattning av det b\u00e4sta p\u00e5 varje destination, har vi valt ut de fem b\u00e4sta alternativen enligt v\u00e5ra kriterier &#8211; Top 5. D\u00e5 vet du att du f\u00e5r r\u00e4tt valm\u00f6jligheter och kan sj\u00e4lv koncentrera dig p\u00e5 att v\u00e4lja boendeprofil.<br \/>\nV\u00e5ra egna upplevelser \u00e4r grunden till v\u00e5rt utbud, vilket ocks\u00e5 borgar f\u00f6r att vi sj\u00e4lva bes\u00f6kt platser och hotell vi s\u00e4ljer. En trygghetsgaranti f\u00f6r dig!\u00a0<\/span><\/p>\n<p class=\"p1\"><span class=\"s1\">F\u00f6rutom boende kan vi givetvis boka flyg, service, transfers, hyrbil, upplevelser,\u00a0utflykter mm, liksom attraktiva paketresor, kombinationsresor med olika \u00f6ar, kryssningar och annat. Du \u00f6nskar och vi uppfyller!\u00a0<\/span><\/p>\n<p class=\"p1\"><span class=\"s1\">Om du har fr\u00e5gor om eller till Go InStyle: Ring +46 (0)730 685367\u00a0<\/span><span class=\"s1\">eller maila <a href=\"mailto:info@goinstyle.se\">info@goinstyle.se<\/a>.\u00a0<\/span><\/p>\n<h2><\/h2>\n<\/div><\/section><\/div>\n<style type=\"text\/css\" data-created_by=\"avia_inline_auto\" id=\"style-css-av-av_one_half-0aa7055fe62c3622faec82866afbaeb2\">\n.flex_column.av-av_one_half-0aa7055fe62c3622faec82866afbaeb2{\nborder-radius:0px 0px 0px 0px;\npadding:0px 0px 0px 0px;\n}\n<\/style>\n<div  class='flex_column av-av_one_half-0aa7055fe62c3622faec82866afbaeb2 av_one_half  avia-builder-el-5  el_after_av_one_half  avia-builder-el-last  flex_column_div av-zero-column-padding  '     ><section  class='av_textblock_section av-av_textblock-0366cc7376be6c9e82a3e9cc8987b64f '   itemscope=\"itemscope\" itemtype=\"https:\/\/schema.org\/CreativeWork\" ><div class='avia_textblock'  itemprop=\"text\" ><p><img loading=\"lazy\" decoding=\"async\" class=\"alignnone size-full wp-image-22764\" src=\"http:\/\/www.goinstyle.se\/wp-content\/uploads\/2016\/11\/the_palm_junior-suite.jpg\" alt=\"\" width=\"3500\" height=\"2333\" srcset=\"https:\/\/www.goinstyle.se\/wp-content\/uploads\/2016\/11\/the_palm_junior-suite.jpg 3500w, https:\/\/www.goinstyle.se\/wp-content\/uploads\/2016\/11\/the_palm_junior-suite-400x267.jpg 400w, https:\/\/www.goinstyle.se\/wp-content\/uploads\/2016\/11\/the_palm_junior-suite-600x400.jpg 600w, https:\/\/www.goinstyle.se\/wp-content\/uploads\/2016\/11\/the_palm_junior-suite-300x200.jpg 300w, https:\/\/www.goinstyle.se\/wp-content\/uploads\/2016\/11\/the_palm_junior-suite-768x512.jpg 768w, https:\/\/www.goinstyle.se\/wp-content\/uploads\/2016\/11\/the_palm_junior-suite-1030x687.jpg 1030w, https:\/\/www.goinstyle.se\/wp-content\/uploads\/2016\/11\/the_palm_junior-suite-1500x1000.jpg 1500w, https:\/\/www.goinstyle.se\/wp-content\/uploads\/2016\/11\/the_palm_junior-suite-705x470.jpg 705w\" sizes=\"auto, (max-width: 3500px) 100vw, 3500px\" \/><\/p>\n<\/div><\/section><\/div><\/p>\n","protected":false},"excerpt":{"rendered":"","protected":false},"author":2,"featured_media":0,"parent":0,"menu_order":0,"comment_status":"closed","ping_status":"closed","template":"","meta":{"_vp_format_video_url":"","_vp_image_focal_point":[],"footnotes":""},"class_list":["post-39874","page","type-page","status-publish","hentry"],"_links":{"self":[{"href":"https:\/\/www.goinstyle.se\/italien\/wp-json\/wp\/v2\/pages\/39874","targetHints":{"allow":["GET"]}}],"collection":[{"href":"https:\/\/www.goinstyle.se\/italien\/wp-json\/wp\/v2\/pages"}],"about":[{"href":"https:\/\/www.goinstyle.se\/italien\/wp-json\/wp\/v2\/types\/page"}],"author":[{"embeddable":true,"href":"https:\/\/www.goinstyle.se\/italien\/wp-json\/wp\/v2\/users\/2"}],"replies":[{"embeddable":true,"href":"https:\/\/www.goinstyle.se\/italien\/wp-json\/wp\/v2\/comments?post=39874"}],"version-history":[{"count":2,"href":"https:\/\/www.goinstyle.se\/italien\/wp-json\/wp\/v2\/pages\/39874\/revisions"}],"predecessor-version":[{"id":43611,"href":"https:\/\/www.goinstyle.se\/italien\/wp-json\/wp\/v2\/pages\/39874\/revisions\/43611"}],"wp:attachment":[{"href":"https:\/\/www.goinstyle.se\/italien\/wp-json\/wp\/v2\/media?parent=39874"}],"curies":[{"name":"wp","href":"https:\/\/api.w.org\/{rel}","templated":true}]}}