{"id":37105,"date":"2019-03-07T12:17:37","date_gmt":"2019-03-07T10:17:37","guid":{"rendered":"http:\/\/www.goinstyle.se\/?page_id=37105"},"modified":"2019-03-18T10:22:45","modified_gmt":"2019-03-18T08:22:45","slug":"om-malta","status":"publish","type":"page","link":"https:\/\/www.goinstyle.se\/malta\/om-malta\/","title":{"rendered":"Om Malta"},"content":{"rendered":"\n<style type=\"text\/css\" data-created_by=\"avia_inline_auto\" id=\"style-css-av-av_section-702c5edc1c085cd9734d860a70bda5ac\">\n.avia-section.av-av_section-702c5edc1c085cd9734d860a70bda5ac{\nbackground-repeat:no-repeat;\nbackground-image:url(https:\/\/www.goinstyle.se\/wp-content\/uploads\/2018\/11\/Kroatien_Vrsar-1.jpg);\nbackground-position:50% 0%;\nbackground-attachment:scroll;\n}\n<\/style>\n<div id='av_section_1'  class='avia-section av-av_section-702c5edc1c085cd9734d860a70bda5ac main_color avia-section-default avia-no-shadow  avia-builder-el-0  el_before_av_section  avia-builder-el-first  avia-full-stretch avia-bg-style-scroll container_wrap fullsize'  data-section-bg-repeat='stretch'><div class='container av-section-cont-open' ><main  role=\"main\" itemprop=\"mainContentOfPage\"  class='template-page content  av-content-full alpha units'><div class='post-entry post-entry-type-page post-entry-37105'><div class='entry-content-wrapper clearfix'>\n\n<style type=\"text\/css\" data-created_by=\"avia_inline_auto\" id=\"style-css-av-av_hr-a6de236e6c183bbbd700292deacd2b52\">\n#top .hr.hr-invisible.av-av_hr-a6de236e6c183bbbd700292deacd2b52{\nheight:20px;\n}\n<\/style>\n<div  class='hr av-av_hr-a6de236e6c183bbbd700292deacd2b52 hr-invisible  avia-builder-el-1  el_before_av_heading  avia-builder-el-first '><span class='hr-inner '><span class=\"hr-inner-style\"><\/span><\/span><\/div>\n\n<style type=\"text\/css\" data-created_by=\"avia_inline_auto\" id=\"style-css-av-av_heading-63859b649db04efb5b860580e426c38b\">\n#top .av-special-heading.av-av_heading-63859b649db04efb5b860580e426c38b{\npadding-bottom:10px;\ncolor:#ffffff;\nfont-size:40px;\n}\nbody .av-special-heading.av-av_heading-63859b649db04efb5b860580e426c38b .av-special-heading-tag .heading-char{\nfont-size:25px;\n}\n#top #wrap_all .av-special-heading.av-av_heading-63859b649db04efb5b860580e426c38b .av-special-heading-tag{\nfont-size:40px;\n}\n.av-special-heading.av-av_heading-63859b649db04efb5b860580e426c38b .special-heading-inner-border{\nborder-color:#ffffff;\n}\n.av-special-heading.av-av_heading-63859b649db04efb5b860580e426c38b .av-subheading{\nfont-size:15px;\n}\n\n@media only screen and (min-width: 480px) and (max-width: 767px){ \n#top #wrap_all .av-special-heading.av-av_heading-63859b649db04efb5b860580e426c38b .av-special-heading-tag{\nfont-size:0.8em;\n}\n}\n\n@media only screen and (max-width: 479px){ \n#top #wrap_all .av-special-heading.av-av_heading-63859b649db04efb5b860580e426c38b .av-special-heading-tag{\nfont-size:0.8em;\n}\n}\n<\/style>\n<div  class='av-special-heading av-av_heading-63859b649db04efb5b860580e426c38b av-special-heading-h6 custom-color-heading blockquote modern-quote modern-centered  avia-builder-el-2  el_after_av_hr  avia-builder-el-last  av-inherit-size'><h6 class='av-special-heading-tag '  itemprop=\"headline\"  >Om Malta<\/h6><div class=\"special-heading-border\"><div class=\"special-heading-inner-border\"><\/div><\/div><\/div>\n\n<\/div><\/div><\/main><!-- close content main element --><\/div><\/div><div id='av_section_2'  class='avia-section av-av_section-4812a9956d6b860f6d215a53234f5880 main_color avia-section-default avia-no-shadow  avia-builder-el-3  el_after_av_section  avia-builder-el-last  avia-bg-style-scroll container_wrap fullsize'  ><div class='container av-section-cont-open' ><div class='template-page content  av-content-full alpha units'><div class='post-entry post-entry-type-page post-entry-37105'><div class='entry-content-wrapper clearfix'>\n<section  class='av_textblock_section av-av_textblock-0366cc7376be6c9e82a3e9cc8987b64f '   itemscope=\"itemscope\" itemtype=\"https:\/\/schema.org\/CreativeWork\" ><div class='avia_textblock'  itemprop=\"text\" ><pre><code><nav aria-label=\"breadcrumbs\">\n            <div class=\"breadcrumb-container theme1\">\n                <ol>\n                    <li><a title=\"Du \u00e4r h\u00e4r:\" href=\"#\"><span>Du \u00e4r h\u00e4r:<\/span><\/a><span class=\"separator\">\u00bb<\/span><\/li>\n                    <\/ol>\n            <\/div>\n        <\/nav>    <script type=\"application\/ld+json\">\n        {\n            \"@context\": \"http:\/\/schema.org\",\n            \"@type\": \"BreadcrumbList\",\n            \"itemListElement\": [\n                 {\n                            \"@type\": \"ListItem\",\n                            \"position\": 1,\n                            \"item\": {\n                                \"@id\": \"#\",\n                                \"name\": \"Du \u00e4r h\u00e4r:\"\n                            }\n                        }\n                                                    ]\n        }\n    <\/script>\n   \n    <script>\n            <\/script>\n<\/code><\/pre>\n<\/div><\/section>\n\n<style type=\"text\/css\" data-created_by=\"avia_inline_auto\" id=\"style-css-av-av_one_full-c3f0f78c26a863dc60f14a52019fd8b2\">\n#top .flex_column.av-av_one_full-c3f0f78c26a863dc60f14a52019fd8b2{\nmargin-top:0px;\nmargin-bottom:0px;\n}\n.flex_column.av-av_one_full-c3f0f78c26a863dc60f14a52019fd8b2{\nborder-radius:0px 0px 0px 0px;\npadding:0px 0px 0px 0px;\n}\n.responsive #top #wrap_all .flex_column.av-av_one_full-c3f0f78c26a863dc60f14a52019fd8b2{\nmargin-top:0px;\nmargin-bottom:0px;\n}\n<\/style>\n<div  class='flex_column av-av_one_full-c3f0f78c26a863dc60f14a52019fd8b2 av_one_full  avia-builder-el-5  el_after_av_textblock  el_before_av_hr  first flex_column_div av-zero-column-padding  column-top-margin'     ><section  class='av_textblock_section av-av_textblock-0366cc7376be6c9e82a3e9cc8987b64f '   itemscope=\"itemscope\" itemtype=\"https:\/\/schema.org\/CreativeWork\" ><div class='avia_textblock'  itemprop=\"text\" ><h1>Om Malta<\/h1>\n<p><strong>Resm\u00e5let<br \/>\n<\/strong><\/p>\n<p>Malta \u00e4r en \u00f6grupp som best\u00e5r av sju \u00f6ar, varav tre (Malta, Gozo och Comino) \u00e4r bebodda. L\u00e4get \u00e4r Medelhavets sydligaste, s\u00f6der om Sicilien med Tunisien i v\u00e4ster och Libyen i syd som n\u00e4rmaste landsgrannar. \u00d6sterut finner man Grekland, d\u00e4r Kreta geografiskt \u00e4r n\u00e4rmast. Malta erbjuder dig m\u00e5nga nya intryck som skiljer sig i olika avseende fr\u00e5n andra Medelhavsl\u00e4nder som du bes\u00f6kt. Med sin brokiga och l\u00e5nga historia med olika styren s\u00e5v\u00e4l kulturellt som politiskt, finner du h\u00e4r \u00e4n idag m\u00e5nga tydliga avtryck i form av byggnader som kyrkor, katedraler, borgar och flera st\u00e4der och byar med en starkt historisk byggnadspr\u00e4gel som p\u00e5minner om livet f\u00f6r flera hundra \u00e5r sedan. H\u00e4r finner du kanske Medelhavets b\u00e4sta vatten, men huvud\u00f6n Malta har endast ett f\u00e5tal sandstr\u00e4nder. Fler str\u00e4nder och fina naturupplevelser finner du p\u00e5 grann\u00f6n Comino. Klippbad med stegar eller bryggor \u00e4r det mest naturliga och l\u00e4ttillg\u00e4ngliga h\u00e4r. Du finner en sp\u00e4nnande matkultur med Medelhavsprofil som fisk och skaldjur som ocks\u00e5 p\u00e5verkas positivt med ingredienser fr\u00e5n m\u00e5nga n\u00e4rliggande l\u00e4nders kultur.<\/p>\n<p><strong>N\u00f6jesliv, mat och dryck<\/strong><\/p>\n<p>H\u00e4r finner du en f\u00e4rgstark matkultur som p\u00e5verkats av \u00f6ns olika influenser genom \u00e5rens tidevarv. Man kan l\u00e4tt f\u00e5 sig en afternoon tea, liksom antipasti och du m\u00e4rker inspirationen fr\u00e5n Medelhavet p\u00e5 de flesta restauranger, d\u00e4r skaldjur och fisk med olika sp\u00e4nnande komponenter serveras. En bra plats att njuta kulinariskt, med andra ord!<br \/>\nMalta har ett stort utbud av barer, nattklubbar och cafeer och f\u00f6r den som s\u00f6ker n\u00f6jesliv \u00e4r St Julian&#8217;s den b\u00e4sta orten &#8211; fr\u00e4mst under h\u00f6gs\u00e4songen. Detta finner du \u00e4ven i Bugibba som \u00e4ven har ett casino. Ett lite lugnare liv finner du i Sliema som \u00e4nd\u00e5 har ett gott restaurangutbud, liksom barer och cafeer i ett trevligt folkliv i omr\u00e5det runt hamnpromenaden. Mellieha erbjuder dig en lugnare tillvaro med ett bra utbud.<\/p>\n<p class=\"western\"><strong>Sol och bad<\/strong><\/p>\n<p>H\u00e4r p\u00e5 Malta \u00e4r det i f\u00f6rsta hand klippbad som g\u00e4ller. Det finns dock en del b\u00e5de naturliga och anlagda sandstr\u00e4nder,varav Saint George\u2019s Bay i Saint Julian\u2019s \u00e4r en. Mellieha Bay utanf\u00f6r Bugibba \u00e4r en annan popul\u00e4r sandstrand som r\u00e4knas till de b\u00e4sta. P\u00e5 \u00f6n Comino har du en h\u00e4rlig blandning av mindre sandstr\u00e4nder och sandstensklippor att bada fr\u00e5n.<\/p>\n<p class=\"western\"><strong>Sev\u00e4rdheter och aktiviteter <\/strong><\/p>\n<p>Eftersom m\u00e5nga olika folkslag och kulturer regerat \u00f6n under l\u00e5nga tidsperioder, finner du historiska monument och avtryck n\u00e4stan \u00f6verallt. Du finner borgar, katedraler, tempel, kyrkor och en stor del medeltida arkitektur var du \u00e4n \u00e4r. H\u00e4r finns enligt uppgifter s\u00e5 m\u00e5nga kyrkor att du kan bes\u00f6ka en ny kyrka varje dag, ett helt \u00e5r!<br \/>\nMalta och dess sev\u00e4rdheter \u00e4r perfekta att uppt\u00e4cka med bil. H\u00e4r finns ett bra v\u00e4gn\u00e4t och du kan ta dig till sm\u00e5, fina badvikar som ofta ocks\u00e5 har perfekta m\u00f6jligheter f\u00f6r dykning i det kristallklara vattnet. Den medeltida huvudstaden Valletta bjuder p\u00e5 storslagna monument som bl a Storm\u00e4starpalatset och m\u00e5nga hus och gr\u00e4nder som f\u00e5r dina tankar tillbaka till medeltiden.<br \/>\nGivna utflyktsm\u00e5l \u00e4r \u00f6arna Gozo och Comino, d\u00e4r Gozo erbjuder ett vackert, kuperat landskap med m\u00e5nga starka naturupplevelser. H\u00e4r finns ocks\u00e5 Ramla Bay &#8211; en m\u00e4kta popul\u00e4r strand. Comino \u00e4r mycket vackert och har sin ber\u00f6mda Bl\u00e5 Lagun och ett mycket klart, turkosf\u00e4rgat vatten med botten av vit sand!<br \/>\nH\u00e4r p\u00e5 Malta finns m\u00e5nga m\u00f6jligheter f\u00f6r den som \u00e4r intresserad av dykning och vattensporter av olika slag finner du vid de mest frekventerade bad- och strandplatserna.<\/p>\n<p><strong>Historia<br \/>\n<\/strong><\/p>\n<p>Maltas historia \u00e4r b\u00e5de l\u00e5ng och brokig. F\u00f6r \u00f6ver 6000 \u00e5r sedan befolkades Malta f\u00f6rst av folk som kom fr\u00e5n Sicilien. N\u00e5got senare h\u00e4rskade det s k &#8220;tempelfolket&#8221; i omkring tusen \u00e5r, d\u00e5 man byggde m\u00e5nga av \u00f6ns tempel. \u00a0Senare ockuperades \u00f6n av fenicierna f\u00f6r att d\u00e4refter \u00f6vertas av romarna. I Romarriket var man f\u00f6rst en del av den sicilianska provinsen, men fick senare ett sj\u00e4lvstyre. P\u00e5 300-talet n\u00e4r Romarriket delades, tillf\u00f6ll Malta det s k \u00d6strom men er\u00f6vrades av araberna p\u00e5 800-talet. Arabernas int\u00e5g innebar en ekonomisk framg\u00e5ng och \u00f6vrig utveckling. I slutet p\u00e5 1000-talet tillf\u00f6ll Malta det Normandiska riket med styre fr\u00e5n Sicilien. L\u00e4ngre fram blev man en del av det spanska imperiet f\u00f6r att d\u00e4refter sk\u00e4nkas som g\u00e5va till Johanniterorden\/Malteserorden ovh blev till en bef\u00e4st milit\u00e4rbas d\u00e4r Johanniterriddarna g\u00f6mde sina f\u00f6rm\u00f6genheter. 1565 bel\u00e4grades Malta av de Osmanska trupperna i fyra m\u00e5nader under Jean de la Vallette, vilket ocks\u00e5 ledde till grundandet av huvudstaden Valletta.<br \/>\nMed \u00f6kat intresse av aff\u00e4rer och handel med Fj\u00e4rran \u00d6stern, minskade intresset f\u00f6r Malta. Napoleon ockuperade \u00f6arna 1798 men malteserna gjorde revolt och fick hj\u00e4lp av Storbritannien och \u00e5terb\u00f6rdades till Johanniterorden. Malteserna f\u00f6redrog dock brittiskt styre med beskydd fr\u00e5n London. Efter Parisf\u00f6rdraget 1814 blev Malta en brittisk Kronkoloni och en huvudbas i Medelhavet. Efter Suezkanalens f\u00e4rdigst\u00e4llande 1869, blev Malta betydelsefull som l\u00e4nk p\u00e5 v\u00e4gen till Fj\u00e4rran \u00d6stern, vilket ledde till ett ekonomiskt uppsving och befolknings\u00f6kning &#8211; men \u00e4ven avfolkning av malteserna som till delar flyttade till Italien och engelskspr\u00e5kiga l\u00e4nder.<br \/>\nEfter ett begr\u00e4nsat sj\u00e4lvstyre 1921 utvecklades konflikter om hur landet sk\u00f6ttes, vilket ledde till kolonialt styre p\u00e5 1930-talet. Betydelsen som brittisk milit\u00e4rbas under andra v\u00e4rldskriget var mycket stor, men sedan 1964 \u00e4r Malta en sj\u00e4lvst\u00e4ndig stat.<\/p>\n<p><strong>Yta<br \/>\n<\/strong>316 kvadratkilometer<\/p>\n<p><strong>Inv\u00e5nare<br \/>\n<\/strong>ca 460 000 inkl. grann\u00f6arna<\/p>\n<p><strong>Spr\u00e5k<br \/>\n<\/strong>Engelska och Maltesiska<strong><br \/>\n<\/strong><\/p>\n<p><strong>Huvudstad<br \/>\n<\/strong>Valletta, ca 20000 inv\u00e5nare<\/p>\n<p><strong>Klimat<br \/>\n<\/strong>Maritimt Medelhavsklimat. Torra och varma sommarm\u00e5nader, med svalare och mer nederb\u00f6rdsrika vinterm\u00e5nader. Dagsmedeltemperatur i\u00a0perioden maj-oktober: 23-32 c. Nov-april: 17-20 c.<\/p>\n<p><strong>Valuta<br \/>\n<\/strong>Euro<\/p>\n<p><strong>Kreditkort<br \/>\n<\/strong>Kredit- och betalkort fungerar som betalning i de flesta aff\u00e4rer, restauranger mm<\/p>\n<p class=\"western\"><strong>Dricks<br \/>\n<\/strong>Om inte serviceavgift redan \u00e4r inr\u00e4knad p\u00e5 notan, b\u00f6r man l\u00e4gga till 5-10% p\u00e5\u00a0restaurangbes\u00f6ket.<\/p>\n<p><strong>Tidsskillnad<br \/>\n<\/strong>Samma tid som i Sverige<\/p>\n<p><strong>V\u00e4gar, trafik, kommunikation<\/strong><strong><br \/>\n<\/strong>Malta \u00e4r ganska litet och fungerar utm\u00e4rkt att uppt\u00e4cka med hyrbil. V\u00e4nstertrafik r\u00e5der dock! Ett v\u00e4l utvecklat lokalbussn\u00e4t finns och prisbilden \u00e4r l\u00e5g. M\u00f6jligheter finns ocks\u00e5 f\u00f6r att hyra motorcykel, vespa och mountainbike. F\u00e4rjor g\u00e5r ocks\u00e5 regelbundet mellan Malta och Gozo, liksom mellan \u00f6arna inkl. Comino.<\/p>\n<p><strong>Elektricitet<\/strong><strong><br \/>\n<\/strong>220 v. Adapter till uttag kr\u00e4vs.<\/p>\n<p><strong>Lagar och lokala v\u00e4rderingar<\/strong><br \/>\nSom i alla l\u00e4nder finns nationella lagar, v\u00e4rderingar och lokala regler som man som bes\u00f6kare f\u00f6rv\u00e4ntas f\u00f6lja. Varje resen\u00e4r\/bes\u00f6kare har ansvar f\u00f6r att f\u00f6rvissa sig om aktuella f\u00f6rh\u00e5llningsregler och v\u00e4rderingar som ofta kan skilja sig en del mot vad vi \u00e4r vana vid. Vi rekommenderar dig att l\u00e4sa mer om regler, seder och bruk p\u00e5 respektive lands hemsida, samt \u00e4ven p\u00e5 Utrikesdepartementets hemsida med information om resor till utlandet. Dels \u00e4r det sk\u00f6nt att slippa otrevliga \u00f6verraskningar n\u00e4r du v\u00e4l \u00e4r p\u00e5 plats. Dessutom drar du dig l\u00e4rdom av landets kultur och traditioner.<\/p>\n<\/div><\/section><\/div>\n<style type=\"text\/css\" data-created_by=\"avia_inline_auto\" id=\"style-css-av-av_hr-0688d0b0b6ed2f8b057db7a8270206df\">\n#top .hr.hr-invisible.av-av_hr-0688d0b0b6ed2f8b057db7a8270206df{\nheight:50px;\n}\n<\/style>\n<div  class='hr av-av_hr-0688d0b0b6ed2f8b057db7a8270206df hr-invisible  avia-builder-el-7  el_after_av_one_full  el_before_av_one_half '><span class='hr-inner '><span class=\"hr-inner-style\"><\/span><\/span><\/div>\n<div class='flex_column_table av-av_one_half-eb22d586db4aa8536998fa6076f87d77 sc-av_one_half av-equal-height-column-flextable'>\n<style type=\"text\/css\" data-created_by=\"avia_inline_auto\" id=\"style-css-av-av_one_half-eb22d586db4aa8536998fa6076f87d77\">\n.flex_column.av-av_one_half-eb22d586db4aa8536998fa6076f87d77{\nborder-radius:0px 0px 0px 0px;\npadding:20px 20px 20px 20px;\nbackground-color:#f7f7f7;\n}\n<\/style>\n<div  class='flex_column av-av_one_half-eb22d586db4aa8536998fa6076f87d77 av_one_half  avia-builder-el-8  el_after_av_hr  el_before_av_one_half  first flex_column_table_cell av-equal-height-column av-align-top  '     ><p>\n<style type=\"text\/css\" data-created_by=\"avia_inline_auto\" id=\"style-css-av-av_heading-5e1bb4e2c977e97b14645873cdebaa13\">\n#top .av-special-heading.av-av_heading-5e1bb4e2c977e97b14645873cdebaa13{\npadding-bottom:10px;\n}\nbody .av-special-heading.av-av_heading-5e1bb4e2c977e97b14645873cdebaa13 .av-special-heading-tag .heading-char{\nfont-size:25px;\n}\n.av-special-heading.av-av_heading-5e1bb4e2c977e97b14645873cdebaa13 .av-subheading{\nfont-size:15px;\n}\n<\/style>\n<div  class='av-special-heading av-av_heading-5e1bb4e2c977e97b14645873cdebaa13 av-special-heading-h3  avia-builder-el-9  el_before_av_iconlist  avia-builder-el-first '><h3 class='av-special-heading-tag '  itemprop=\"headline\"  >Fakta<\/h3><div class=\"special-heading-border\"><div class=\"special-heading-inner-border\"><\/div><\/div><\/div><br \/>\n\n<style type=\"text\/css\" data-created_by=\"avia_inline_auto\" id=\"style-css-av-av_iconlist-999a2d681d06b0992925b5a008e74484\">\n#top .avia-icon-list-container.av-av_iconlist-999a2d681d06b0992925b5a008e74484 .iconlist_icon{\ncolor:#3a3a3a;\nbackground-color:#f7f7f7;\nborder:1px solid #3a3a3a;\n}\n<\/style>\n<div  class='avia-icon-list-container av-av_iconlist-999a2d681d06b0992925b5a008e74484  avia-builder-el-10  el_after_av_heading  avia-builder-el-last '><ul class='avia-icon-list avia_animate_when_almost_visible avia-icon-list-left av-iconlist-big av-av_iconlist-999a2d681d06b0992925b5a008e74484 avia-iconlist-animate'>\n<li><div class='iconlist_icon av-av_iconlist_item-39b279e8171f6829e56095a29a82e327 avia-font-entypo-fontello'><span class='iconlist-char' aria-hidden='true' data-av_icon='\ue84d' data-av_iconfont='entypo-fontello'><\/span><\/div><article class=\"article-icon-entry \"  itemscope=\"itemscope\" itemtype=\"https:\/\/schema.org\/CreativeWork\" ><div class=\"iconlist_content_wrap\"><header class=\"entry-content-header\" aria-label=\"Icon: Visum\"><h4 class='av_iconlist_title iconlist_title  '  itemprop=\"headline\" >Visum<\/h4><\/header><div class='iconlist_content '  itemprop=\"text\" ><p><em>Visum kr\u00e4vs inte av svenska medborgar. <\/em><\/p>\n<\/div><\/div><footer class=\"entry-footer\"><\/footer><\/article><div class=\"iconlist-timeline\"><\/div><\/li>\n<li><div class='iconlist_icon av-av_iconlist_item-e2f1d09a1cbbc00a097234998041fc3d avia-font-entypo-fontello'><span class='iconlist-char' aria-hidden='true' data-av_icon='\ue8cf' data-av_iconfont='entypo-fontello'><\/span><\/div><article class=\"article-icon-entry \"  itemscope=\"itemscope\" itemtype=\"https:\/\/schema.org\/CreativeWork\" ><div class=\"iconlist_content_wrap\"><header class=\"entry-content-header\" aria-label=\"Icon: Valuta\"><h4 class='av_iconlist_title iconlist_title  '  itemprop=\"headline\" >Valuta<\/h4><\/header><div class='iconlist_content '  itemprop=\"text\" ><p>Euro<\/p>\n<\/div><\/div><footer class=\"entry-footer\"><\/footer><\/article><div class=\"iconlist-timeline\"><\/div><\/li>\n<li><div class='iconlist_icon av-av_iconlist_item-8d5312078593b0174c29e7a8047add13 avia-font-entypo-fontello'><span class='iconlist-char' aria-hidden='true' data-av_icon='\ue866' data-av_iconfont='entypo-fontello'><\/span><\/div><article class=\"article-icon-entry \"  itemscope=\"itemscope\" itemtype=\"https:\/\/schema.org\/CreativeWork\" ><div class=\"iconlist_content_wrap\"><header class=\"entry-content-header\" aria-label=\"Icon: Klimat\"><h4 class='av_iconlist_title iconlist_title  '  itemprop=\"headline\" >Klimat<\/h4><\/header><div class='iconlist_content '  itemprop=\"text\" ><p><em>Medelhavsklimat.<br \/>\nB\u00e4sta tid att resa \u00e4r april-september. Oftast \u00e4ven behagligt n\u00e5gon m\u00e5nad b\u00e5de tidigare och senare.<br \/>\n<\/em><\/p>\n<\/div><\/div><footer class=\"entry-footer\"><\/footer><\/article><div class=\"iconlist-timeline\"><\/div><\/li>\n<\/ul><\/div><\/p><\/div><div class='av-flex-placeholder'><\/div>\n<style type=\"text\/css\" data-created_by=\"avia_inline_auto\" id=\"style-css-av-av_one_half-c99897e014b6ac50785e16af58e9b83d\">\n.flex_column.av-av_one_half-c99897e014b6ac50785e16af58e9b83d{\nborder-radius:0px 0px 0px 0px;\npadding:20px 20px 20px 20px;\nbackground-color:#f7f7f7;\n}\n<\/style>\n<div  class='flex_column av-av_one_half-c99897e014b6ac50785e16af58e9b83d av_one_half  avia-builder-el-11  el_after_av_one_half  el_before_av_hr  flex_column_table_cell av-equal-height-column av-align-top  '     ><p>\n<style type=\"text\/css\" data-created_by=\"avia_inline_auto\" id=\"style-css-av-av_heading-a8f60ef72849b8b0cf4d08e012dead90\">\n#top .av-special-heading.av-av_heading-a8f60ef72849b8b0cf4d08e012dead90{\npadding-bottom:10px;\n}\nbody .av-special-heading.av-av_heading-a8f60ef72849b8b0cf4d08e012dead90 .av-special-heading-tag .heading-char{\nfont-size:25px;\n}\n.av-special-heading.av-av_heading-a8f60ef72849b8b0cf4d08e012dead90 .av-subheading{\nfont-size:15px;\n}\n<\/style>\n<div  class='av-special-heading av-av_heading-a8f60ef72849b8b0cf4d08e012dead90 av-special-heading-h3  avia-builder-el-12  el_before_av_sidebar  avia-builder-el-first '><h3 class='av-special-heading-tag '  itemprop=\"headline\"  >V\u00e4der<\/h3><div class=\"special-heading-border\"><div class=\"special-heading-inner-border\"><\/div><\/div><\/div><br \/>\n<div  class='avia-builder-widget-area clearfix  avia-builder-el-13  el_after_av_heading  avia-builder-el-last '><div id=\"weer_widget-8\" class=\"widget clearfix weer_widget\">\n        <div id=\"\"\n             class=\"weather_widget_wrap weer-widget weather_widget_style1\"\n             data-text-color='#000000'\n             data-background=\"#f7f7f7\"\n             data-width=\"100\"\n             data-header=\"\"\n             data-days=\"3\"\n             data-sunrise=\"false\"\n             data-wind=\"false\"\n             data-current=\"on\"\n             data-language=\"english\"\n             data-city=\"Athens\"\n             data-country=\"Greece\">\n\n            <div class=\"weather_widget_placeholder\"><\/div>\n            <div style=\"font-size: 14px;text-align: center;padding-top: 6px;padding-bottom: 4px;background: rgba(0,0,0,0.03);\">\n                Powered by <a target=\"_blank\" href=\"https:\/\/www.weer1.com\">Weer1.com<\/a>\n            <\/div>\n        <\/div>\n        <\/div><\/div><\/p><\/div><\/div><!--close column table wrapper. Autoclose: 1 -->\n<style type=\"text\/css\" data-created_by=\"avia_inline_auto\" id=\"style-css-av-av_hr-0688d0b0b6ed2f8b057db7a8270206df\">\n#top .hr.hr-invisible.av-av_hr-0688d0b0b6ed2f8b057db7a8270206df{\nheight:50px;\n}\n<\/style>\n<div  class='hr av-av_hr-0688d0b0b6ed2f8b057db7a8270206df hr-invisible  avia-builder-el-14  el_after_av_one_half  avia-builder-el-last '><span class='hr-inner '><span class=\"hr-inner-style\"><\/span><\/span><\/div>\n\n","protected":false},"excerpt":{"rendered":"","protected":false},"author":2,"featured_media":0,"parent":0,"menu_order":0,"comment_status":"closed","ping_status":"closed","template":"","meta":{"_vp_format_video_url":"","_vp_image_focal_point":[],"footnotes":""},"class_list":["post-37105","page","type-page","status-publish","hentry"],"_links":{"self":[{"href":"https:\/\/www.goinstyle.se\/malta\/wp-json\/wp\/v2\/pages\/37105","targetHints":{"allow":["GET"]}}],"collection":[{"href":"https:\/\/www.goinstyle.se\/malta\/wp-json\/wp\/v2\/pages"}],"about":[{"href":"https:\/\/www.goinstyle.se\/malta\/wp-json\/wp\/v2\/types\/page"}],"author":[{"embeddable":true,"href":"https:\/\/www.goinstyle.se\/malta\/wp-json\/wp\/v2\/users\/2"}],"replies":[{"embeddable":true,"href":"https:\/\/www.goinstyle.se\/malta\/wp-json\/wp\/v2\/comments?post=37105"}],"version-history":[{"count":9,"href":"https:\/\/www.goinstyle.se\/malta\/wp-json\/wp\/v2\/pages\/37105\/revisions"}],"predecessor-version":[{"id":37479,"href":"https:\/\/www.goinstyle.se\/malta\/wp-json\/wp\/v2\/pages\/37105\/revisions\/37479"}],"wp:attachment":[{"href":"https:\/\/www.goinstyle.se\/malta\/wp-json\/wp\/v2\/media?parent=37105"}],"curies":[{"name":"wp","href":"https:\/\/api.w.org\/{rel}","templated":true}]}}